{"id":8786,"date":"2023-11-01T15:40:36","date_gmt":"2023-11-01T13:40:36","guid":{"rendered":"https:\/\/kulturhusetkarelia.nfsite.com\/?post_type=ajde_events&#038;p=8786"},"modified":"2023-11-01T15:40:40","modified_gmt":"2023-11-01T13:40:40","slug":"forfattarsamtal-bokkalaset","status":"publish","type":"ajde_events","link":"https:\/\/kulturhusetkarelia.fi\/fi\/evenemang\/forfattarsamtal-bokkalaset\/","title":{"rendered":"F\u00f6rfattarsamtal | Bokkalaset"},"content":{"rendered":"<p>11.00 SCENER UR ETT SKEN\u00c4KTENSKAP<br>Philip Teir och Bitte Westerlund samtalar med Martin Welander.<br><br>12.00 HIMMELSG\u00c5RDEN<br>Nilla Kjellsdotter samtalar med Pia-Maria Lehtola.<br><br>13.00 JAG HAR TORKAT NOG M\u00c5NGA GOLV<br>\u2013 EN BIOGRAFI OM MAJA EKEL\u00d6F<br>Nina van den Brink samtalar med Pia Heikkil\u00e4.<br><br>14.00 VAR \u00c4R PAPPORNA?<br>Alexandra Pascalidou samtalar med Eva Kela.<br><br>15.00 SKYMNING 41<br>Kjell West\u00f6 samtalar med Tapani Ritam\u00e4ki.<br><br>Mera information om Bokkalasets program p\u00e5 bokkalaset.fi<\/p>\n\n\n\n<p>Evenemanget \u00e4r kostnasfritt, ingen f\u00f6rhandsanm\u00e4lan kr\u00e4vs!<\/p>","protected":false},"author":4,"featured_media":0,"menu_order":0,"comment_status":"closed","ping_status":"closed","template":"","meta":{"_themeisle_gutenberg_block_has_review":false},"tags":[],"event_type":[],"event_type_2":[],"class_list":["post-8786","ajde_events","type-ajde_events","status-publish","hentry","event_location-kulturhuset-karelia","entry"],"yoast_head":"<!-- This site is optimized with the Yoast SEO plugin v24.9 - https:\/\/yoast.com\/wordpress\/plugins\/seo\/ -->\n<title>F\u00f6rfattarsamtal | Bokkalaset - Kulturhuset Karelia<\/title>\n<meta name=\"robots\" content=\"index, follow, max-snippet:-1, max-image-preview:large, max-video-preview:-1\" \/>\n<link rel=\"canonical\" href=\"https:\/\/kulturhusetkarelia.fi\/fi\/evenemang\/forfattarsamtal-bokkalaset\/\" \/>\n<meta property=\"og:locale\" content=\"fi_FI\" \/>\n<meta property=\"og:type\" content=\"article\" \/>\n<meta property=\"og:title\" content=\"F\u00f6rfattarsamtal | Bokkalaset - Kulturhuset Karelia\" \/>\n<meta property=\"og:description\" content=\"11.00 SCENER UR ETT SKEN\u00c4KTENSKAPPhilip Teir och Bitte Westerlund samtalar med Martin Welander. 12.00 HIMMELSG\u00c5RDENNilla Kjellsdotter samtalar med Pia-Maria Lehtola. 13.00 JAG HAR TORKAT NOG M\u00c5NGA GOLV\u2013 EN BIOGRAFI OM MAJA EKEL\u00d6FNina van den Brink samtalar med Pia Heikkil\u00e4. 14.00 VAR \u00c4R PAPPORNA?Alexandra Pascalidou samtalar med Eva Kela. 15.00 SKYMNING 41Kjell West\u00f6 samtalar med Tapani&hellip; Jatka lukemista F\u00f6rfattarsamtal | Bokkalaset\" \/>\n<meta property=\"og:url\" content=\"https:\/\/kulturhusetkarelia.fi\/fi\/evenemang\/forfattarsamtal-bokkalaset\/\" \/>\n<meta property=\"og:site_name\" content=\"Kulturhuset Karelia\" \/>\n<meta property=\"article:publisher\" content=\"https:\/\/www.facebook.com\/kulturhusetkarelia\/\" \/>\n<meta property=\"article:modified_time\" content=\"2023-11-01T13:40:40+00:00\" \/>\n<meta name=\"twitter:card\" content=\"summary_large_image\" \/>\n<meta name=\"twitter:label1\" content=\"Arvioitu lukuaika\" \/>\n\t<meta name=\"twitter:data1\" content=\"1 minuutti\" \/>\n<script type=\"application\/ld+json\" class=\"yoast-schema-graph\">{\"@context\":\"https:\/\/schema.org\",\"@graph\":[{\"@type\":\"WebPage\",\"@id\":\"https:\/\/kulturhusetkarelia.fi\/evenemang\/forfattarsamtal-bokkalaset\/\",\"url\":\"https:\/\/kulturhusetkarelia.fi\/evenemang\/forfattarsamtal-bokkalaset\/\",\"name\":\"F\u00f6rfattarsamtal | Bokkalaset - Kulturhuset Karelia\",\"isPartOf\":{\"@id\":\"https:\/\/kulturhusetkarelia.fi\/#website\"},\"datePublished\":\"2023-11-01T13:40:36+00:00\",\"dateModified\":\"2023-11-01T13:40:40+00:00\",\"breadcrumb\":{\"@id\":\"https:\/\/kulturhusetkarelia.fi\/evenemang\/forfattarsamtal-bokkalaset\/#breadcrumb\"},\"inLanguage\":\"fi\",\"potentialAction\":[{\"@type\":\"ReadAction\",\"target\":[\"https:\/\/kulturhusetkarelia.fi\/evenemang\/forfattarsamtal-bokkalaset\/\"]}]},{\"@type\":\"BreadcrumbList\",\"@id\":\"https:\/\/kulturhusetkarelia.fi\/evenemang\/forfattarsamtal-bokkalaset\/#breadcrumb\",\"itemListElement\":[{\"@type\":\"ListItem\",\"position\":1,\"name\":\"Home\",\"item\":\"https:\/\/kulturhusetkarelia.fi\/\"},{\"@type\":\"ListItem\",\"position\":2,\"name\":\"Events\",\"item\":\"https:\/\/kulturhusetkarelia.fi\/evenemang\/\"},{\"@type\":\"ListItem\",\"position\":3,\"name\":\"F\u00f6rfattarsamtal | Bokkalaset\"}]},{\"@type\":\"WebSite\",\"@id\":\"https:\/\/kulturhusetkarelia.fi\/#website\",\"url\":\"https:\/\/kulturhusetkarelia.fi\/\",\"name\":\"Kulturhuset Karelia\",\"description\":\"\",\"publisher\":{\"@id\":\"https:\/\/kulturhusetkarelia.fi\/#organization\"},\"potentialAction\":[{\"@type\":\"SearchAction\",\"target\":{\"@type\":\"EntryPoint\",\"urlTemplate\":\"https:\/\/kulturhusetkarelia.fi\/?s={search_term_string}\"},\"query-input\":{\"@type\":\"PropertyValueSpecification\",\"valueRequired\":true,\"valueName\":\"search_term_string\"}}],\"inLanguage\":\"fi\"},{\"@type\":\"Organization\",\"@id\":\"https:\/\/kulturhusetkarelia.fi\/#organization\",\"name\":\"Kulturhuset Karelia\",\"url\":\"https:\/\/kulturhusetkarelia.fi\/\",\"logo\":{\"@type\":\"ImageObject\",\"inLanguage\":\"fi\",\"@id\":\"https:\/\/kulturhusetkarelia.fi\/#\/schema\/logo\/image\/\",\"url\":\"https:\/\/kulturhusetkarelia.fi\/wp-content\/uploads\/2023\/01\/Stor-logo-rod.svg\",\"contentUrl\":\"https:\/\/kulturhusetkarelia.fi\/wp-content\/uploads\/2023\/01\/Stor-logo-rod.svg\",\"width\":1,\"height\":1,\"caption\":\"Kulturhuset Karelia\"},\"image\":{\"@id\":\"https:\/\/kulturhusetkarelia.fi\/#\/schema\/logo\/image\/\"},\"sameAs\":[\"https:\/\/www.facebook.com\/kulturhusetkarelia\/\",\"https:\/\/www.instagram.com\/kulturhusetkarelia\/\"]}]}<\/script>\n<!-- \/ Yoast SEO plugin. -->","yoast_head_json":{"title":"F\u00f6rfattarsamtal | Bokkalaset - Kulturhuset Karelia","robots":{"index":"index","follow":"follow","max-snippet":"max-snippet:-1","max-image-preview":"max-image-preview:large","max-video-preview":"max-video-preview:-1"},"canonical":"https:\/\/kulturhusetkarelia.fi\/fi\/evenemang\/forfattarsamtal-bokkalaset\/","og_locale":"fi_FI","og_type":"article","og_title":"F\u00f6rfattarsamtal | Bokkalaset - Kulturhuset Karelia","og_description":"11.00 SCENER UR ETT SKEN\u00c4KTENSKAPPhilip Teir och Bitte Westerlund samtalar med Martin Welander. 12.00 HIMMELSG\u00c5RDENNilla Kjellsdotter samtalar med Pia-Maria Lehtola. 13.00 JAG HAR TORKAT NOG M\u00c5NGA GOLV\u2013 EN BIOGRAFI OM MAJA EKEL\u00d6FNina van den Brink samtalar med Pia Heikkil\u00e4. 14.00 VAR \u00c4R PAPPORNA?Alexandra Pascalidou samtalar med Eva Kela. 15.00 SKYMNING 41Kjell West\u00f6 samtalar med Tapani&hellip; Jatka lukemista F\u00f6rfattarsamtal | Bokkalaset","og_url":"https:\/\/kulturhusetkarelia.fi\/fi\/evenemang\/forfattarsamtal-bokkalaset\/","og_site_name":"Kulturhuset Karelia","article_publisher":"https:\/\/www.facebook.com\/kulturhusetkarelia\/","article_modified_time":"2023-11-01T13:40:40+00:00","twitter_card":"summary_large_image","twitter_misc":{"Arvioitu lukuaika":"1 minuutti"},"schema":{"@context":"https:\/\/schema.org","@graph":[{"@type":"WebPage","@id":"https:\/\/kulturhusetkarelia.fi\/evenemang\/forfattarsamtal-bokkalaset\/","url":"https:\/\/kulturhusetkarelia.fi\/evenemang\/forfattarsamtal-bokkalaset\/","name":"F\u00f6rfattarsamtal | Bokkalaset - Kulturhuset Karelia","isPartOf":{"@id":"https:\/\/kulturhusetkarelia.fi\/#website"},"datePublished":"2023-11-01T13:40:36+00:00","dateModified":"2023-11-01T13:40:40+00:00","breadcrumb":{"@id":"https:\/\/kulturhusetkarelia.fi\/evenemang\/forfattarsamtal-bokkalaset\/#breadcrumb"},"inLanguage":"fi","potentialAction":[{"@type":"ReadAction","target":["https:\/\/kulturhusetkarelia.fi\/evenemang\/forfattarsamtal-bokkalaset\/"]}]},{"@type":"BreadcrumbList","@id":"https:\/\/kulturhusetkarelia.fi\/evenemang\/forfattarsamtal-bokkalaset\/#breadcrumb","itemListElement":[{"@type":"ListItem","position":1,"name":"Home","item":"https:\/\/kulturhusetkarelia.fi\/"},{"@type":"ListItem","position":2,"name":"Events","item":"https:\/\/kulturhusetkarelia.fi\/evenemang\/"},{"@type":"ListItem","position":3,"name":"F\u00f6rfattarsamtal | Bokkalaset"}]},{"@type":"WebSite","@id":"https:\/\/kulturhusetkarelia.fi\/#website","url":"https:\/\/kulturhusetkarelia.fi\/","name":"Kulturhuset Karelia","description":"","publisher":{"@id":"https:\/\/kulturhusetkarelia.fi\/#organization"},"potentialAction":[{"@type":"SearchAction","target":{"@type":"EntryPoint","urlTemplate":"https:\/\/kulturhusetkarelia.fi\/?s={search_term_string}"},"query-input":{"@type":"PropertyValueSpecification","valueRequired":true,"valueName":"search_term_string"}}],"inLanguage":"fi"},{"@type":"Organization","@id":"https:\/\/kulturhusetkarelia.fi\/#organization","name":"Kulturhuset Karelia","url":"https:\/\/kulturhusetkarelia.fi\/","logo":{"@type":"ImageObject","inLanguage":"fi","@id":"https:\/\/kulturhusetkarelia.fi\/#\/schema\/logo\/image\/","url":"https:\/\/kulturhusetkarelia.fi\/wp-content\/uploads\/2023\/01\/Stor-logo-rod.svg","contentUrl":"https:\/\/kulturhusetkarelia.fi\/wp-content\/uploads\/2023\/01\/Stor-logo-rod.svg","width":1,"height":1,"caption":"Kulturhuset Karelia"},"image":{"@id":"https:\/\/kulturhusetkarelia.fi\/#\/schema\/logo\/image\/"},"sameAs":["https:\/\/www.facebook.com\/kulturhusetkarelia\/","https:\/\/www.instagram.com\/kulturhusetkarelia\/"]}]}},"jetpack_sharing_enabled":true,"_links":{"self":[{"href":"https:\/\/kulturhusetkarelia.fi\/fi\/wp-json\/wp\/v2\/ajde_events\/8786","targetHints":{"allow":["GET"]}}],"collection":[{"href":"https:\/\/kulturhusetkarelia.fi\/fi\/wp-json\/wp\/v2\/ajde_events"}],"about":[{"href":"https:\/\/kulturhusetkarelia.fi\/fi\/wp-json\/wp\/v2\/types\/ajde_events"}],"author":[{"embeddable":true,"href":"https:\/\/kulturhusetkarelia.fi\/fi\/wp-json\/wp\/v2\/users\/4"}],"replies":[{"embeddable":true,"href":"https:\/\/kulturhusetkarelia.fi\/fi\/wp-json\/wp\/v2\/comments?post=8786"}],"wp:attachment":[{"href":"https:\/\/kulturhusetkarelia.fi\/fi\/wp-json\/wp\/v2\/media?parent=8786"}],"wp:term":[{"taxonomy":"post_tag","embeddable":true,"href":"https:\/\/kulturhusetkarelia.fi\/fi\/wp-json\/wp\/v2\/tags?post=8786"},{"taxonomy":"event_type","embeddable":true,"href":"https:\/\/kulturhusetkarelia.fi\/fi\/wp-json\/wp\/v2\/event_type?post=8786"},{"taxonomy":"event_type_2","embeddable":true,"href":"https:\/\/kulturhusetkarelia.fi\/fi\/wp-json\/wp\/v2\/event_type_2?post=8786"}],"curies":[{"name":"wp","href":"https:\/\/api.w.org\/{rel}","templated":true}]}}

Författarsamtal | Bokkalaset

<p>11.00 SCENER UR ETT SKENÄKTENSKAP<br>Philip Teir och Bitte Westerlund samtalar med Martin Welander.<br><br>12.00 HIMMELSGÅRDEN<br>Nilla Kjellsdotter samtalar med Pia-Maria Lehtola.<br><br>13.00 JAG HAR TORKAT NOG MÅNGA GOLV<br>– EN BIOGRAFI OM MAJA EKELÖF<br>Nina van den Brink samtalar med Pia Heikkilä.<br><br>14.00 VAR ÄR PAPPORNA?<br>Alexandra Pascalidou samtalar med Eva Kela.<br><br>15.00 SKYMNING 41<br>Kjell Westö samtalar med Tapani Ritamäki.<br><br>Mera information om Bokkalasets program på bokkalaset.fi</p>



<p>Evenemanget är kostnasfritt, ingen förhandsanmälan krävs!</p>

<!-- This site is optimized with the Yoast SEO plugin v24.9 - https://yoast.com/wordpress/plugins/seo/ -->
<title>Författarsamtal | Bokkalaset - Kulturhuset Karelia</title>
<meta name="robots" content="index, follow, max-snippet:-1, max-image-preview:large, max-video-preview:-1" />
<link rel="canonical" href="https://kulturhusetkarelia.fi/fi/evenemang/forfattarsamtal-bokkalaset/" />
<meta property="og:locale" content="fi_FI" />
<meta property="og:type" content="article" />
<meta property="og:title" content="Författarsamtal | Bokkalaset - Kulturhuset Karelia" />
<meta property="og:description" content="11.00 SCENER UR ETT SKENÄKTENSKAPPhilip Teir och Bitte Westerlund samtalar med Martin Welander. 12.00 HIMMELSGÅRDENNilla Kjellsdotter samtalar med Pia-Maria Lehtola. 13.00 JAG HAR TORKAT NOG MÅNGA GOLV– EN BIOGRAFI OM MAJA EKELÖFNina van den Brink samtalar med Pia Heikkilä. 14.00 VAR ÄR PAPPORNA?Alexandra Pascalidou samtalar med Eva Kela. 15.00 SKYMNING 41Kjell Westö samtalar med Tapani&hellip; Jatka lukemista Författarsamtal | Bokkalaset" />
<meta property="og:url" content="https://kulturhusetkarelia.fi/fi/evenemang/forfattarsamtal-bokkalaset/" />
<meta property="og:site_name" content="Kulturhuset Karelia" />
<meta property="article:publisher" content="https://www.facebook.com/kulturhusetkarelia/" />
<meta property="article:modified_time" content="2023-11-01T13:40:40+00:00" />
<meta name="twitter:card" content="summary_large_image" />
<meta name="twitter:label1" content="Arvioitu lukuaika" />
	<meta name="twitter:data1" content="1 minuutti" />
<script type="application/ld+json" class="yoast-schema-graph">{"@context":"https://schema.org","@graph":[{"@type":"WebPage","@id":"https://kulturhusetkarelia.fi/evenemang/forfattarsamtal-bokkalaset/","url":"https://kulturhusetkarelia.fi/evenemang/forfattarsamtal-bokkalaset/","name":"Författarsamtal | Bokkalaset - Kulturhuset Karelia","isPartOf":{"@id":"https://kulturhusetkarelia.fi/#website"},"datePublished":"2023-11-01T13:40:36+00:00","dateModified":"2023-11-01T13:40:40+00:00","breadcrumb":{"@id":"https://kulturhusetkarelia.fi/evenemang/forfattarsamtal-bokkalaset/#breadcrumb"},"inLanguage":"fi","potentialAction":[{"@type":"ReadAction","target":["https://kulturhusetkarelia.fi/evenemang/forfattarsamtal-bokkalaset/"]}]},{"@type":"BreadcrumbList","@id":"https://kulturhusetkarelia.fi/evenemang/forfattarsamtal-bokkalaset/#breadcrumb","itemListElement":[{"@type":"ListItem","position":1,"name":"Home","item":"https://kulturhusetkarelia.fi/"},{"@type":"ListItem","position":2,"name":"Events","item":"https://kulturhusetkarelia.fi/evenemang/"},{"@type":"ListItem","position":3,"name":"Författarsamtal | Bokkalaset"}]},{"@type":"WebSite","@id":"https://kulturhusetkarelia.fi/#website","url":"https://kulturhusetkarelia.fi/","name":"Kulturhuset Karelia","description":"","publisher":{"@id":"https://kulturhusetkarelia.fi/#organization"},"potentialAction":[{"@type":"SearchAction","target":{"@type":"EntryPoint","urlTemplate":"https://kulturhusetkarelia.fi/?s={search_term_string}"},"query-input":{"@type":"PropertyValueSpecification","valueRequired":true,"valueName":"search_term_string"}}],"inLanguage":"fi"},{"@type":"Organization","@id":"https://kulturhusetkarelia.fi/#organization","name":"Kulturhuset Karelia","url":"https://kulturhusetkarelia.fi/","logo":{"@type":"ImageObject","inLanguage":"fi","@id":"https://kulturhusetkarelia.fi/#/schema/logo/image/","url":"https://kulturhusetkarelia.fi/wp-content/uploads/2023/01/Stor-logo-rod.svg","contentUrl":"https://kulturhusetkarelia.fi/wp-content/uploads/2023/01/Stor-logo-rod.svg","width":1,"height":1,"caption":"Kulturhuset Karelia"},"image":{"@id":"https://kulturhusetkarelia.fi/#/schema/logo/image/"},"sameAs":["https://www.facebook.com/kulturhusetkarelia/","https://www.instagram.com/kulturhusetkarelia/"]}]}</script>
<!-- / Yoast SEO plugin. -->

Författarsamtal | Bokkalaset - Kulturhuset Karelia

11.00 SCENER UR ETT SKENÄKTENSKAPPhilip Teir och Bitte Westerlund samtalar med Martin Welander. 12.00 HIMMELSGÅRDENNilla Kjellsdotter samtalar med Pia-Maria Lehtola. 13.00 JAG HAR TORKAT NOG MÅNGA GOLV– EN BIOGRAFI OM MAJA EKELÖFNina van den Brink samtalar med Pia Heikkilä. 14.00 VAR ÄR PAPPORNA?Alexandra Pascalidou samtalar med Eva Kela. 15.00 SKYMNING 41Kjell Westö samtalar med Tapani&hellip; Jatka lukemista Författarsamtal | Bokkalaset
