{"id":548,"date":"2022-11-20T20:20:18","date_gmt":"2022-11-20T18:20:18","guid":{"rendered":"https:\/\/kulturhusetkarelia.nfsite.com\/?post_type=ajde_events&#038;p=548"},"modified":"2022-11-22T12:09:07","modified_gmt":"2022-11-22T10:09:07","slug":"barnens-estrad-pettson-och-findus-firar-jul","status":"publish","type":"ajde_events","link":"https:\/\/kulturhusetkarelia.fi\/fi\/evenemang\/barnens-estrad-pettson-och-findus-firar-jul\/","title":{"rendered":"Barnens Estrad: Pettson och Findus firar jul"},"content":{"rendered":"<p>N\u00e4r julen n\u00e4rmar sig hemma hos katten Findus och gubben Pettson h\u00e4nder det ett och annat. Pettson halkar och g\u00f6r sig illa i foten innan de hunnit h\u00e4mta julgran eller lagat julmat. Och hur blir det med julgubben som Findus s\u00e5 l\u00e4ngtar efter\u2026<\/p>\n\n\n\n<p>Nog \u00e4r det tur att det finns hj\u00e4lpsamma grannar och att b\u00e5de Pettson och Findus \u00e4r s\u00e5 p\u00e5hittiga! En rolig, glad och st\u00e4mningsfull pj\u00e4s om det tjusiga paret och deras julbestyr.<\/p>","protected":false},"author":2,"featured_media":549,"menu_order":0,"comment_status":"closed","ping_status":"closed","template":"","meta":{"_themeisle_gutenberg_block_has_review":false},"tags":[],"event_type":[],"event_type_2":[],"class_list":["post-548","ajde_events","type-ajde_events","status-publish","has-post-thumbnail","hentry","entry"],"yoast_head":"<!-- This site is optimized with the Yoast SEO plugin v24.9 - https:\/\/yoast.com\/wordpress\/plugins\/seo\/ -->\n<title>Barnens Estrad: Pettson och Findus firar jul - Kulturhuset Karelia<\/title>\n<meta name=\"robots\" content=\"index, follow, max-snippet:-1, max-image-preview:large, max-video-preview:-1\" \/>\n<link rel=\"canonical\" href=\"https:\/\/kulturhusetkarelia.fi\/fi\/evenemang\/barnens-estrad-pettson-och-findus-firar-jul\/\" \/>\n<meta property=\"og:locale\" content=\"fi_FI\" \/>\n<meta property=\"og:type\" content=\"article\" \/>\n<meta property=\"og:title\" content=\"Barnens Estrad: Pettson och Findus firar jul - Kulturhuset Karelia\" \/>\n<meta property=\"og:description\" content=\"N\u00e4r julen n\u00e4rmar sig hemma hos katten Findus och gubben Pettson h\u00e4nder det ett och annat. Pettson halkar och g\u00f6r sig illa i foten innan de hunnit h\u00e4mta julgran eller lagat julmat. Och hur blir det med julgubben som Findus s\u00e5 l\u00e4ngtar efter\u2026 Nog \u00e4r det tur att det finns hj\u00e4lpsamma grannar och att b\u00e5de&hellip; Jatka lukemista Barnens Estrad: Pettson och Findus firar jul\" \/>\n<meta property=\"og:url\" content=\"https:\/\/kulturhusetkarelia.fi\/fi\/evenemang\/barnens-estrad-pettson-och-findus-firar-jul\/\" \/>\n<meta property=\"og:site_name\" content=\"Kulturhuset Karelia\" \/>\n<meta property=\"article:publisher\" content=\"https:\/\/www.facebook.com\/kulturhusetkarelia\/\" \/>\n<meta property=\"article:modified_time\" content=\"2022-11-22T10:09:07+00:00\" \/>\n<meta property=\"og:image\" content=\"https:\/\/kulturhusetkarelia.fi\/wp-content\/uploads\/2022\/11\/Pettson-och-Findus-bild-31.jpg\" \/>\n\t<meta property=\"og:image:width\" content=\"630\" \/>\n\t<meta property=\"og:image:height\" content=\"420\" \/>\n\t<meta property=\"og:image:type\" content=\"image\/jpeg\" \/>\n<meta name=\"twitter:card\" content=\"summary_large_image\" \/>\n<script type=\"application\/ld+json\" class=\"yoast-schema-graph\">{\"@context\":\"https:\/\/schema.org\",\"@graph\":[{\"@type\":\"WebPage\",\"@id\":\"https:\/\/kulturhusetkarelia.fi\/evenemang\/barnens-estrad-pettson-och-findus-firar-jul\/\",\"url\":\"https:\/\/kulturhusetkarelia.fi\/evenemang\/barnens-estrad-pettson-och-findus-firar-jul\/\",\"name\":\"Barnens Estrad: Pettson och Findus firar jul - Kulturhuset Karelia\",\"isPartOf\":{\"@id\":\"https:\/\/kulturhusetkarelia.fi\/#website\"},\"primaryImageOfPage\":{\"@id\":\"https:\/\/kulturhusetkarelia.fi\/evenemang\/barnens-estrad-pettson-och-findus-firar-jul\/#primaryimage\"},\"image\":{\"@id\":\"https:\/\/kulturhusetkarelia.fi\/evenemang\/barnens-estrad-pettson-och-findus-firar-jul\/#primaryimage\"},\"thumbnailUrl\":\"https:\/\/kulturhusetkarelia.fi\/wp-content\/uploads\/2022\/11\/Pettson-och-Findus-bild-31.jpg\",\"datePublished\":\"2022-11-20T18:20:18+00:00\",\"dateModified\":\"2022-11-22T10:09:07+00:00\",\"breadcrumb\":{\"@id\":\"https:\/\/kulturhusetkarelia.fi\/evenemang\/barnens-estrad-pettson-och-findus-firar-jul\/#breadcrumb\"},\"inLanguage\":\"fi\",\"potentialAction\":[{\"@type\":\"ReadAction\",\"target\":[\"https:\/\/kulturhusetkarelia.fi\/evenemang\/barnens-estrad-pettson-och-findus-firar-jul\/\"]}]},{\"@type\":\"ImageObject\",\"inLanguage\":\"fi\",\"@id\":\"https:\/\/kulturhusetkarelia.fi\/evenemang\/barnens-estrad-pettson-och-findus-firar-jul\/#primaryimage\",\"url\":\"https:\/\/kulturhusetkarelia.fi\/wp-content\/uploads\/2022\/11\/Pettson-och-Findus-bild-31.jpg\",\"contentUrl\":\"https:\/\/kulturhusetkarelia.fi\/wp-content\/uploads\/2022\/11\/Pettson-och-Findus-bild-31.jpg\",\"width\":630,\"height\":420},{\"@type\":\"BreadcrumbList\",\"@id\":\"https:\/\/kulturhusetkarelia.fi\/evenemang\/barnens-estrad-pettson-och-findus-firar-jul\/#breadcrumb\",\"itemListElement\":[{\"@type\":\"ListItem\",\"position\":1,\"name\":\"Home\",\"item\":\"https:\/\/kulturhusetkarelia.fi\/\"},{\"@type\":\"ListItem\",\"position\":2,\"name\":\"Events\",\"item\":\"https:\/\/kulturhusetkarelia.fi\/evenemang\/\"},{\"@type\":\"ListItem\",\"position\":3,\"name\":\"Barnens Estrad: Pettson och Findus firar jul\"}]},{\"@type\":\"WebSite\",\"@id\":\"https:\/\/kulturhusetkarelia.fi\/#website\",\"url\":\"https:\/\/kulturhusetkarelia.fi\/\",\"name\":\"Kulturhuset Karelia\",\"description\":\"\",\"publisher\":{\"@id\":\"https:\/\/kulturhusetkarelia.fi\/#organization\"},\"potentialAction\":[{\"@type\":\"SearchAction\",\"target\":{\"@type\":\"EntryPoint\",\"urlTemplate\":\"https:\/\/kulturhusetkarelia.fi\/?s={search_term_string}\"},\"query-input\":{\"@type\":\"PropertyValueSpecification\",\"valueRequired\":true,\"valueName\":\"search_term_string\"}}],\"inLanguage\":\"fi\"},{\"@type\":\"Organization\",\"@id\":\"https:\/\/kulturhusetkarelia.fi\/#organization\",\"name\":\"Kulturhuset Karelia\",\"url\":\"https:\/\/kulturhusetkarelia.fi\/\",\"logo\":{\"@type\":\"ImageObject\",\"inLanguage\":\"fi\",\"@id\":\"https:\/\/kulturhusetkarelia.fi\/#\/schema\/logo\/image\/\",\"url\":\"https:\/\/kulturhusetkarelia.fi\/wp-content\/uploads\/2023\/01\/Stor-logo-rod.svg\",\"contentUrl\":\"https:\/\/kulturhusetkarelia.fi\/wp-content\/uploads\/2023\/01\/Stor-logo-rod.svg\",\"width\":1,\"height\":1,\"caption\":\"Kulturhuset Karelia\"},\"image\":{\"@id\":\"https:\/\/kulturhusetkarelia.fi\/#\/schema\/logo\/image\/\"},\"sameAs\":[\"https:\/\/www.facebook.com\/kulturhusetkarelia\/\",\"https:\/\/www.instagram.com\/kulturhusetkarelia\/\"]}]}<\/script>\n<!-- \/ Yoast SEO plugin. -->","yoast_head_json":{"title":"Barnens Estrad: Pettson och Findus firar jul - Kulturhuset Karelia","robots":{"index":"index","follow":"follow","max-snippet":"max-snippet:-1","max-image-preview":"max-image-preview:large","max-video-preview":"max-video-preview:-1"},"canonical":"https:\/\/kulturhusetkarelia.fi\/fi\/evenemang\/barnens-estrad-pettson-och-findus-firar-jul\/","og_locale":"fi_FI","og_type":"article","og_title":"Barnens Estrad: Pettson och Findus firar jul - Kulturhuset Karelia","og_description":"N\u00e4r julen n\u00e4rmar sig hemma hos katten Findus och gubben Pettson h\u00e4nder det ett och annat. Pettson halkar och g\u00f6r sig illa i foten innan de hunnit h\u00e4mta julgran eller lagat julmat. Och hur blir det med julgubben som Findus s\u00e5 l\u00e4ngtar efter\u2026 Nog \u00e4r det tur att det finns hj\u00e4lpsamma grannar och att b\u00e5de&hellip; Jatka lukemista Barnens Estrad: Pettson och Findus firar jul","og_url":"https:\/\/kulturhusetkarelia.fi\/fi\/evenemang\/barnens-estrad-pettson-och-findus-firar-jul\/","og_site_name":"Kulturhuset Karelia","article_publisher":"https:\/\/www.facebook.com\/kulturhusetkarelia\/","article_modified_time":"2022-11-22T10:09:07+00:00","og_image":[{"width":630,"height":420,"url":"https:\/\/kulturhusetkarelia.fi\/wp-content\/uploads\/2022\/11\/Pettson-och-Findus-bild-31.jpg","type":"image\/jpeg"}],"twitter_card":"summary_large_image","schema":{"@context":"https:\/\/schema.org","@graph":[{"@type":"WebPage","@id":"https:\/\/kulturhusetkarelia.fi\/evenemang\/barnens-estrad-pettson-och-findus-firar-jul\/","url":"https:\/\/kulturhusetkarelia.fi\/evenemang\/barnens-estrad-pettson-och-findus-firar-jul\/","name":"Barnens Estrad: Pettson och Findus firar jul - Kulturhuset Karelia","isPartOf":{"@id":"https:\/\/kulturhusetkarelia.fi\/#website"},"primaryImageOfPage":{"@id":"https:\/\/kulturhusetkarelia.fi\/evenemang\/barnens-estrad-pettson-och-findus-firar-jul\/#primaryimage"},"image":{"@id":"https:\/\/kulturhusetkarelia.fi\/evenemang\/barnens-estrad-pettson-och-findus-firar-jul\/#primaryimage"},"thumbnailUrl":"https:\/\/kulturhusetkarelia.fi\/wp-content\/uploads\/2022\/11\/Pettson-och-Findus-bild-31.jpg","datePublished":"2022-11-20T18:20:18+00:00","dateModified":"2022-11-22T10:09:07+00:00","breadcrumb":{"@id":"https:\/\/kulturhusetkarelia.fi\/evenemang\/barnens-estrad-pettson-och-findus-firar-jul\/#breadcrumb"},"inLanguage":"fi","potentialAction":[{"@type":"ReadAction","target":["https:\/\/kulturhusetkarelia.fi\/evenemang\/barnens-estrad-pettson-och-findus-firar-jul\/"]}]},{"@type":"ImageObject","inLanguage":"fi","@id":"https:\/\/kulturhusetkarelia.fi\/evenemang\/barnens-estrad-pettson-och-findus-firar-jul\/#primaryimage","url":"https:\/\/kulturhusetkarelia.fi\/wp-content\/uploads\/2022\/11\/Pettson-och-Findus-bild-31.jpg","contentUrl":"https:\/\/kulturhusetkarelia.fi\/wp-content\/uploads\/2022\/11\/Pettson-och-Findus-bild-31.jpg","width":630,"height":420},{"@type":"BreadcrumbList","@id":"https:\/\/kulturhusetkarelia.fi\/evenemang\/barnens-estrad-pettson-och-findus-firar-jul\/#breadcrumb","itemListElement":[{"@type":"ListItem","position":1,"name":"Home","item":"https:\/\/kulturhusetkarelia.fi\/"},{"@type":"ListItem","position":2,"name":"Events","item":"https:\/\/kulturhusetkarelia.fi\/evenemang\/"},{"@type":"ListItem","position":3,"name":"Barnens Estrad: Pettson och Findus firar jul"}]},{"@type":"WebSite","@id":"https:\/\/kulturhusetkarelia.fi\/#website","url":"https:\/\/kulturhusetkarelia.fi\/","name":"Kulturhuset Karelia","description":"","publisher":{"@id":"https:\/\/kulturhusetkarelia.fi\/#organization"},"potentialAction":[{"@type":"SearchAction","target":{"@type":"EntryPoint","urlTemplate":"https:\/\/kulturhusetkarelia.fi\/?s={search_term_string}"},"query-input":{"@type":"PropertyValueSpecification","valueRequired":true,"valueName":"search_term_string"}}],"inLanguage":"fi"},{"@type":"Organization","@id":"https:\/\/kulturhusetkarelia.fi\/#organization","name":"Kulturhuset Karelia","url":"https:\/\/kulturhusetkarelia.fi\/","logo":{"@type":"ImageObject","inLanguage":"fi","@id":"https:\/\/kulturhusetkarelia.fi\/#\/schema\/logo\/image\/","url":"https:\/\/kulturhusetkarelia.fi\/wp-content\/uploads\/2023\/01\/Stor-logo-rod.svg","contentUrl":"https:\/\/kulturhusetkarelia.fi\/wp-content\/uploads\/2023\/01\/Stor-logo-rod.svg","width":1,"height":1,"caption":"Kulturhuset Karelia"},"image":{"@id":"https:\/\/kulturhusetkarelia.fi\/#\/schema\/logo\/image\/"},"sameAs":["https:\/\/www.facebook.com\/kulturhusetkarelia\/","https:\/\/www.instagram.com\/kulturhusetkarelia\/"]}]}},"jetpack_sharing_enabled":true,"_links":{"self":[{"href":"https:\/\/kulturhusetkarelia.fi\/fi\/wp-json\/wp\/v2\/ajde_events\/548","targetHints":{"allow":["GET"]}}],"collection":[{"href":"https:\/\/kulturhusetkarelia.fi\/fi\/wp-json\/wp\/v2\/ajde_events"}],"about":[{"href":"https:\/\/kulturhusetkarelia.fi\/fi\/wp-json\/wp\/v2\/types\/ajde_events"}],"author":[{"embeddable":true,"href":"https:\/\/kulturhusetkarelia.fi\/fi\/wp-json\/wp\/v2\/users\/2"}],"replies":[{"embeddable":true,"href":"https:\/\/kulturhusetkarelia.fi\/fi\/wp-json\/wp\/v2\/comments?post=548"}],"wp:featuredmedia":[{"embeddable":true,"href":"https:\/\/kulturhusetkarelia.fi\/fi\/wp-json\/wp\/v2\/media\/549"}],"wp:attachment":[{"href":"https:\/\/kulturhusetkarelia.fi\/fi\/wp-json\/wp\/v2\/media?parent=548"}],"wp:term":[{"taxonomy":"post_tag","embeddable":true,"href":"https:\/\/kulturhusetkarelia.fi\/fi\/wp-json\/wp\/v2\/tags?post=548"},{"taxonomy":"event_type","embeddable":true,"href":"https:\/\/kulturhusetkarelia.fi\/fi\/wp-json\/wp\/v2\/event_type?post=548"},{"taxonomy":"event_type_2","embeddable":true,"href":"https:\/\/kulturhusetkarelia.fi\/fi\/wp-json\/wp\/v2\/event_type_2?post=548"}],"curies":[{"name":"wp","href":"https:\/\/api.w.org\/{rel}","templated":true}]}}

<p>När julen närmar sig hemma hos katten Findus och gubben Pettson händer det ett och annat. Pettson halkar och gör sig illa i foten innan de hunnit hämta julgran eller lagat julmat. Och hur blir det med julgubben som Findus så längtar efter…</p>



<p>Nog är det tur att det finns hjälpsamma grannar och att både Pettson och Findus är så påhittiga! En rolig, glad och stämningsfull pjäs om det tjusiga paret och deras julbestyr.</p>

<!-- This site is optimized with the Yoast SEO plugin v24.9 - https://yoast.com/wordpress/plugins/seo/ -->
<title>Barnens Estrad: Pettson och Findus firar jul - Kulturhuset Karelia</title>
<meta name="robots" content="index, follow, max-snippet:-1, max-image-preview:large, max-video-preview:-1" />
<link rel="canonical" href="https://kulturhusetkarelia.fi/fi/evenemang/barnens-estrad-pettson-och-findus-firar-jul/" />
<meta property="og:locale" content="fi_FI" />
<meta property="og:type" content="article" />
<meta property="og:title" content="Barnens Estrad: Pettson och Findus firar jul - Kulturhuset Karelia" />
<meta property="og:description" content="När julen närmar sig hemma hos katten Findus och gubben Pettson händer det ett och annat. Pettson halkar och gör sig illa i foten innan de hunnit hämta julgran eller lagat julmat. Och hur blir det med julgubben som Findus så längtar efter… Nog är det tur att det finns hjälpsamma grannar och att både&hellip; Jatka lukemista Barnens Estrad: Pettson och Findus firar jul" />
<meta property="og:url" content="https://kulturhusetkarelia.fi/fi/evenemang/barnens-estrad-pettson-och-findus-firar-jul/" />
<meta property="og:site_name" content="Kulturhuset Karelia" />
<meta property="article:publisher" content="https://www.facebook.com/kulturhusetkarelia/" />
<meta property="article:modified_time" content="2022-11-22T10:09:07+00:00" />
<meta property="og:image" content="https://kulturhusetkarelia.fi/wp-content/uploads/2022/11/Pettson-och-Findus-bild-31.jpg" />
	<meta property="og:image:width" content="630" />
	<meta property="og:image:height" content="420" />
	<meta property="og:image:type" content="image/jpeg" />
<meta name="twitter:card" content="summary_large_image" />
<script type="application/ld+json" class="yoast-schema-graph">{"@context":"https://schema.org","@graph":[{"@type":"WebPage","@id":"https://kulturhusetkarelia.fi/evenemang/barnens-estrad-pettson-och-findus-firar-jul/","url":"https://kulturhusetkarelia.fi/evenemang/barnens-estrad-pettson-och-findus-firar-jul/","name":"Barnens Estrad: Pettson och Findus firar jul - Kulturhuset Karelia","isPartOf":{"@id":"https://kulturhusetkarelia.fi/#website"},"primaryImageOfPage":{"@id":"https://kulturhusetkarelia.fi/evenemang/barnens-estrad-pettson-och-findus-firar-jul/#primaryimage"},"image":{"@id":"https://kulturhusetkarelia.fi/evenemang/barnens-estrad-pettson-och-findus-firar-jul/#primaryimage"},"thumbnailUrl":"https://kulturhusetkarelia.fi/wp-content/uploads/2022/11/Pettson-och-Findus-bild-31.jpg","datePublished":"2022-11-20T18:20:18+00:00","dateModified":"2022-11-22T10:09:07+00:00","breadcrumb":{"@id":"https://kulturhusetkarelia.fi/evenemang/barnens-estrad-pettson-och-findus-firar-jul/#breadcrumb"},"inLanguage":"fi","potentialAction":[{"@type":"ReadAction","target":["https://kulturhusetkarelia.fi/evenemang/barnens-estrad-pettson-och-findus-firar-jul/"]}]},{"@type":"ImageObject","inLanguage":"fi","@id":"https://kulturhusetkarelia.fi/evenemang/barnens-estrad-pettson-och-findus-firar-jul/#primaryimage","url":"https://kulturhusetkarelia.fi/wp-content/uploads/2022/11/Pettson-och-Findus-bild-31.jpg","contentUrl":"https://kulturhusetkarelia.fi/wp-content/uploads/2022/11/Pettson-och-Findus-bild-31.jpg","width":630,"height":420},{"@type":"BreadcrumbList","@id":"https://kulturhusetkarelia.fi/evenemang/barnens-estrad-pettson-och-findus-firar-jul/#breadcrumb","itemListElement":[{"@type":"ListItem","position":1,"name":"Home","item":"https://kulturhusetkarelia.fi/"},{"@type":"ListItem","position":2,"name":"Events","item":"https://kulturhusetkarelia.fi/evenemang/"},{"@type":"ListItem","position":3,"name":"Barnens Estrad: Pettson och Findus firar jul"}]},{"@type":"WebSite","@id":"https://kulturhusetkarelia.fi/#website","url":"https://kulturhusetkarelia.fi/","name":"Kulturhuset Karelia","description":"","publisher":{"@id":"https://kulturhusetkarelia.fi/#organization"},"potentialAction":[{"@type":"SearchAction","target":{"@type":"EntryPoint","urlTemplate":"https://kulturhusetkarelia.fi/?s={search_term_string}"},"query-input":{"@type":"PropertyValueSpecification","valueRequired":true,"valueName":"search_term_string"}}],"inLanguage":"fi"},{"@type":"Organization","@id":"https://kulturhusetkarelia.fi/#organization","name":"Kulturhuset Karelia","url":"https://kulturhusetkarelia.fi/","logo":{"@type":"ImageObject","inLanguage":"fi","@id":"https://kulturhusetkarelia.fi/#/schema/logo/image/","url":"https://kulturhusetkarelia.fi/wp-content/uploads/2023/01/Stor-logo-rod.svg","contentUrl":"https://kulturhusetkarelia.fi/wp-content/uploads/2023/01/Stor-logo-rod.svg","width":1,"height":1,"caption":"Kulturhuset Karelia"},"image":{"@id":"https://kulturhusetkarelia.fi/#/schema/logo/image/"},"sameAs":["https://www.facebook.com/kulturhusetkarelia/","https://www.instagram.com/kulturhusetkarelia/"]}]}</script>
<!-- / Yoast SEO plugin. -->

När julen närmar sig hemma hos katten Findus och gubben Pettson händer det ett och annat. Pettson halkar och gör sig illa i foten innan de hunnit hämta julgran eller lagat julmat. Och hur blir det med julgubben som Findus så längtar efter… Nog är det tur att det finns hjälpsamma grannar och att både&hellip; Jatka lukemista Barnens Estrad: Pettson och Findus firar jul
