{"id":18027,"date":"2026-08-18T16:12:38","date_gmt":"2026-08-18T13:12:38","guid":{"rendered":"https:\/\/kulturhusetkarelia.fi\/?post_type=ajde_events&#038;p=18027"},"modified":"2026-08-18T16:12:40","modified_gmt":"2026-08-18T13:12:40","slug":"bokkalaset-2","status":"publish","type":"ajde_events","link":"https:\/\/kulturhusetkarelia.fi\/fi\/evenemang\/bokkalaset-2\/","title":{"rendered":"Bokkalaset"},"content":{"rendered":"<p class=\"wp-block-paragraph\">Nedan ser ni bokkalasets program p\u00e5 Kulturhuset Karelia. Bokkalsets \u00f6vriga program hittar ni p\u00e5 <a href=\"https:\/\/bokkalaset.wordpress.com\/program-2026\/\">Bokkalasets egna hemsida<\/a>. <\/p>\n\n\n\n<p class=\"wp-block-paragraph\"><strong>L\u00d6RDAG 7.11<\/strong><\/p>\n\n\n\n<p class=\"wp-block-paragraph\">Konferencier: Tove Virta<\/p>\n\n\n\n<p class=\"wp-block-paragraph\"><strong>Kl. 11.00-11.45<\/strong> <br>I en vilsen v\u00e4rld. P\u00e4r Stenb\u00e4ck samtalar med Tapani Ritam\u00e4ki<\/p>\n\n\n\n<p class=\"wp-block-paragraph\"><strong>Kl. 12.00-12.45<\/strong> <br>Till sista raden. Anne Hietanen och Michaela von K\u00fcgelgen samtalar<\/p>\n\n\n\n<p class=\"wp-block-paragraph\"><strong>Kl. 13.00-13.45<\/strong> <br>Fadern. Mikael Crawford <\/p>\n\n\n\n<p class=\"wp-block-paragraph\"><strong>Kl. 14.00-14.45<\/strong> <br>Hj\u00e4ltar i v\u00e5ra ber\u00e4ttelser. Maria Lindgren Leavenworth (SVE) och Maria Turtschinaninoff samtalar med Ylva Perrera<\/p>\n\n\n\n<p class=\"wp-block-paragraph\"><strong>Kl. 15.00-15.45<\/strong> <br>Samtal om livet II. Kaj Kunnas samtalar med Antti Kuronen<\/p>\n\n\n\n<p class=\"wp-block-paragraph\">Bokf\u00f6rs\u00e4ljning och signering efter alla programpunkter. <\/p>\n\n\n\n<p class=\"wp-block-paragraph\"><\/p>","protected":false},"author":4,"featured_media":18031,"menu_order":0,"comment_status":"closed","ping_status":"closed","template":"","meta":{"_themeisle_gutenberg_block_has_review":false},"tags":[],"event_type":[],"event_type_2":[],"class_list":["post-18027","ajde_events","type-ajde_events","status-publish","has-post-thumbnail","hentry","event_organizer-bokkalaset","entry"],"yoast_head":"<!-- This site is optimized with the Yoast SEO plugin v28.2 - https:\/\/yoast.com\/product\/yoast-seo-wordpress\/ -->\n<title>Bokkalaset - Kulturhuset Karelia<\/title>\n<meta name=\"robots\" content=\"index, follow, max-snippet:-1, max-image-preview:large, max-video-preview:-1\" \/>\n<link rel=\"canonical\" href=\"https:\/\/kulturhusetkarelia.fi\/fi\/evenemang\/bokkalaset-2\/\" \/>\n<meta property=\"og:locale\" content=\"fi_FI\" \/>\n<meta property=\"og:type\" content=\"article\" \/>\n<meta property=\"og:title\" content=\"Bokkalaset - Kulturhuset Karelia\" \/>\n<meta property=\"og:description\" content=\"Nedan ser ni bokkalasets program p\u00e5 Kulturhuset Karelia. Bokkalsets \u00f6vriga program hittar ni p\u00e5 Bokkalasets egna hemsida. L\u00d6RDAG 7.11 Konferencier: Tove Virta Kl. 11.00-11.45 I en vilsen v\u00e4rld. P\u00e4r Stenb\u00e4ck samtalar med Tapani Ritam\u00e4ki Kl. 12.00-12.45 Till sista raden. Anne Hietanen och Michaela von K\u00fcgelgen samtalar Kl. 13.00-13.45 Fadern. Mikael Crawford Kl. 14.00-14.45 Hj\u00e4ltar i&hellip; Jatka lukemista Bokkalaset\" \/>\n<meta property=\"og:url\" content=\"https:\/\/kulturhusetkarelia.fi\/fi\/evenemang\/bokkalaset-2\/\" \/>\n<meta property=\"og:site_name\" content=\"Kulturhuset Karelia\" \/>\n<meta property=\"article:publisher\" content=\"https:\/\/www.facebook.com\/kulturhusetkarelia\/\" \/>\n<meta property=\"article:modified_time\" content=\"2026-08-18T13:12:40+00:00\" \/>\n<meta property=\"og:image\" content=\"https:\/\/kulturhusetkarelia.fi\/wp-content\/uploads\/2026\/08\/fbheader2026_stor.jpg.avif\" \/>\n\t<meta property=\"og:image:width\" content=\"1654\" \/>\n\t<meta property=\"og:image:height\" content=\"648\" \/>\n\t<meta property=\"og:image:type\" content=\"image\/jpeg\" \/>\n<meta name=\"twitter:card\" content=\"summary_large_image\" \/>\n<meta name=\"twitter:label1\" content=\"Arvioitu lukuaika\" \/>\n\t<meta name=\"twitter:data1\" content=\"1 minuutti\" \/>\n<script type=\"application\/ld+json\" class=\"yoast-schema-graph\">{\"@context\":\"https:\\\/\\\/schema.org\",\"@graph\":[{\"@type\":\"WebPage\",\"@id\":\"https:\\\/\\\/kulturhusetkarelia.fi\\\/evenemang\\\/bokkalaset-2\\\/\",\"url\":\"https:\\\/\\\/kulturhusetkarelia.fi\\\/evenemang\\\/bokkalaset-2\\\/\",\"name\":\"Bokkalaset - Kulturhuset Karelia\",\"isPartOf\":{\"@id\":\"https:\\\/\\\/kulturhusetkarelia.fi\\\/#website\"},\"primaryImageOfPage\":{\"@id\":\"https:\\\/\\\/kulturhusetkarelia.fi\\\/evenemang\\\/bokkalaset-2\\\/#primaryimage\"},\"image\":{\"@id\":\"https:\\\/\\\/kulturhusetkarelia.fi\\\/evenemang\\\/bokkalaset-2\\\/#primaryimage\"},\"thumbnailUrl\":\"https:\\\/\\\/kulturhusetkarelia.fi\\\/wp-content\\\/uploads\\\/2026\\\/08\\\/fbheader2026_stor.jpg.avif\",\"datePublished\":\"2026-08-18T13:12:38+00:00\",\"dateModified\":\"2026-08-18T13:12:40+00:00\",\"breadcrumb\":{\"@id\":\"https:\\\/\\\/kulturhusetkarelia.fi\\\/evenemang\\\/bokkalaset-2\\\/#breadcrumb\"},\"inLanguage\":\"fi\",\"potentialAction\":[{\"@type\":\"ReadAction\",\"target\":[\"https:\\\/\\\/kulturhusetkarelia.fi\\\/evenemang\\\/bokkalaset-2\\\/\"]}]},{\"@type\":\"ImageObject\",\"inLanguage\":\"fi\",\"@id\":\"https:\\\/\\\/kulturhusetkarelia.fi\\\/evenemang\\\/bokkalaset-2\\\/#primaryimage\",\"url\":\"https:\\\/\\\/kulturhusetkarelia.fi\\\/wp-content\\\/uploads\\\/2026\\\/08\\\/fbheader2026_stor.jpg.avif\",\"contentUrl\":\"https:\\\/\\\/kulturhusetkarelia.fi\\\/wp-content\\\/uploads\\\/2026\\\/08\\\/fbheader2026_stor.jpg.avif\",\"width\":1654,\"height\":648},{\"@type\":\"BreadcrumbList\",\"@id\":\"https:\\\/\\\/kulturhusetkarelia.fi\\\/evenemang\\\/bokkalaset-2\\\/#breadcrumb\",\"itemListElement\":[{\"@type\":\"ListItem\",\"position\":1,\"name\":\"Home\",\"item\":\"https:\\\/\\\/kulturhusetkarelia.fi\\\/\"},{\"@type\":\"ListItem\",\"position\":2,\"name\":\"Events\",\"item\":\"https:\\\/\\\/kulturhusetkarelia.fi\\\/evenemang\\\/\"},{\"@type\":\"ListItem\",\"position\":3,\"name\":\"Bokkalaset\"}]},{\"@type\":\"WebSite\",\"@id\":\"https:\\\/\\\/kulturhusetkarelia.fi\\\/#website\",\"url\":\"https:\\\/\\\/kulturhusetkarelia.fi\\\/\",\"name\":\"Kulturhuset Karelia\",\"description\":\"\",\"publisher\":{\"@id\":\"https:\\\/\\\/kulturhusetkarelia.fi\\\/#organization\"},\"potentialAction\":[{\"@type\":\"SearchAction\",\"target\":{\"@type\":\"EntryPoint\",\"urlTemplate\":\"https:\\\/\\\/kulturhusetkarelia.fi\\\/?s={search_term_string}\"},\"query-input\":{\"@type\":\"PropertyValueSpecification\",\"valueRequired\":true,\"valueName\":\"search_term_string\"}}],\"inLanguage\":\"fi\"},{\"@type\":\"Organization\",\"@id\":\"https:\\\/\\\/kulturhusetkarelia.fi\\\/#organization\",\"name\":\"Kulturhuset Karelia\",\"url\":\"https:\\\/\\\/kulturhusetkarelia.fi\\\/\",\"logo\":{\"@type\":\"ImageObject\",\"inLanguage\":\"fi\",\"@id\":\"https:\\\/\\\/kulturhusetkarelia.fi\\\/#\\\/schema\\\/logo\\\/image\\\/\",\"url\":\"https:\\\/\\\/kulturhusetkarelia.fi\\\/wp-content\\\/uploads\\\/2023\\\/01\\\/Stor-logo-rod.svg\",\"contentUrl\":\"https:\\\/\\\/kulturhusetkarelia.fi\\\/wp-content\\\/uploads\\\/2023\\\/01\\\/Stor-logo-rod.svg\",\"width\":1,\"height\":1,\"caption\":\"Kulturhuset Karelia\"},\"image\":{\"@id\":\"https:\\\/\\\/kulturhusetkarelia.fi\\\/#\\\/schema\\\/logo\\\/image\\\/\"},\"sameAs\":[\"https:\\\/\\\/www.facebook.com\\\/kulturhusetkarelia\\\/\",\"https:\\\/\\\/www.instagram.com\\\/kulturhusetkarelia\\\/\"]}]}<\/script>\n<!-- \/ Yoast SEO plugin. -->","yoast_head_json":{"title":"Bokkalaset - Kulturhuset Karelia","robots":{"index":"index","follow":"follow","max-snippet":"max-snippet:-1","max-image-preview":"max-image-preview:large","max-video-preview":"max-video-preview:-1"},"canonical":"https:\/\/kulturhusetkarelia.fi\/fi\/evenemang\/bokkalaset-2\/","og_locale":"fi_FI","og_type":"article","og_title":"Bokkalaset - Kulturhuset Karelia","og_description":"Nedan ser ni bokkalasets program p\u00e5 Kulturhuset Karelia. Bokkalsets \u00f6vriga program hittar ni p\u00e5 Bokkalasets egna hemsida. L\u00d6RDAG 7.11 Konferencier: Tove Virta Kl. 11.00-11.45 I en vilsen v\u00e4rld. P\u00e4r Stenb\u00e4ck samtalar med Tapani Ritam\u00e4ki Kl. 12.00-12.45 Till sista raden. Anne Hietanen och Michaela von K\u00fcgelgen samtalar Kl. 13.00-13.45 Fadern. Mikael Crawford Kl. 14.00-14.45 Hj\u00e4ltar i&hellip; Jatka lukemista Bokkalaset","og_url":"https:\/\/kulturhusetkarelia.fi\/fi\/evenemang\/bokkalaset-2\/","og_site_name":"Kulturhuset Karelia","article_publisher":"https:\/\/www.facebook.com\/kulturhusetkarelia\/","article_modified_time":"2026-08-18T13:12:40+00:00","og_image":[{"width":1654,"height":648,"url":"https:\/\/kulturhusetkarelia.fi\/wp-content\/uploads\/2026\/08\/fbheader2026_stor.jpg.avif","type":"image\/jpeg"}],"twitter_card":"summary_large_image","twitter_misc":{"Arvioitu lukuaika":"1 minuutti"},"schema":{"@context":"https:\/\/schema.org","@graph":[{"@type":"WebPage","@id":"https:\/\/kulturhusetkarelia.fi\/evenemang\/bokkalaset-2\/","url":"https:\/\/kulturhusetkarelia.fi\/evenemang\/bokkalaset-2\/","name":"Bokkalaset - Kulturhuset Karelia","isPartOf":{"@id":"https:\/\/kulturhusetkarelia.fi\/#website"},"primaryImageOfPage":{"@id":"https:\/\/kulturhusetkarelia.fi\/evenemang\/bokkalaset-2\/#primaryimage"},"image":{"@id":"https:\/\/kulturhusetkarelia.fi\/evenemang\/bokkalaset-2\/#primaryimage"},"thumbnailUrl":"https:\/\/kulturhusetkarelia.fi\/wp-content\/uploads\/2026\/08\/fbheader2026_stor.jpg.avif","datePublished":"2026-08-18T13:12:38+00:00","dateModified":"2026-08-18T13:12:40+00:00","breadcrumb":{"@id":"https:\/\/kulturhusetkarelia.fi\/evenemang\/bokkalaset-2\/#breadcrumb"},"inLanguage":"fi","potentialAction":[{"@type":"ReadAction","target":["https:\/\/kulturhusetkarelia.fi\/evenemang\/bokkalaset-2\/"]}]},{"@type":"ImageObject","inLanguage":"fi","@id":"https:\/\/kulturhusetkarelia.fi\/evenemang\/bokkalaset-2\/#primaryimage","url":"https:\/\/kulturhusetkarelia.fi\/wp-content\/uploads\/2026\/08\/fbheader2026_stor.jpg.avif","contentUrl":"https:\/\/kulturhusetkarelia.fi\/wp-content\/uploads\/2026\/08\/fbheader2026_stor.jpg.avif","width":1654,"height":648},{"@type":"BreadcrumbList","@id":"https:\/\/kulturhusetkarelia.fi\/evenemang\/bokkalaset-2\/#breadcrumb","itemListElement":[{"@type":"ListItem","position":1,"name":"Home","item":"https:\/\/kulturhusetkarelia.fi\/"},{"@type":"ListItem","position":2,"name":"Events","item":"https:\/\/kulturhusetkarelia.fi\/evenemang\/"},{"@type":"ListItem","position":3,"name":"Bokkalaset"}]},{"@type":"WebSite","@id":"https:\/\/kulturhusetkarelia.fi\/#website","url":"https:\/\/kulturhusetkarelia.fi\/","name":"Kulttuuritalo Karelia","description":"","publisher":{"@id":"https:\/\/kulturhusetkarelia.fi\/#organization"},"potentialAction":[{"@type":"SearchAction","target":{"@type":"EntryPoint","urlTemplate":"https:\/\/kulturhusetkarelia.fi\/?s={search_term_string}"},"query-input":{"@type":"PropertyValueSpecification","valueRequired":true,"valueName":"search_term_string"}}],"inLanguage":"fi"},{"@type":"Organization","@id":"https:\/\/kulturhusetkarelia.fi\/#organization","name":"Kulttuuritalo Karelia","url":"https:\/\/kulturhusetkarelia.fi\/","logo":{"@type":"ImageObject","inLanguage":"fi","@id":"https:\/\/kulturhusetkarelia.fi\/#\/schema\/logo\/image\/","url":"https:\/\/kulturhusetkarelia.fi\/wp-content\/uploads\/2023\/01\/Stor-logo-rod.svg","contentUrl":"https:\/\/kulturhusetkarelia.fi\/wp-content\/uploads\/2023\/01\/Stor-logo-rod.svg","width":1,"height":1,"caption":"Kulturhuset Karelia"},"image":{"@id":"https:\/\/kulturhusetkarelia.fi\/#\/schema\/logo\/image\/"},"sameAs":["https:\/\/www.facebook.com\/kulturhusetkarelia\/","https:\/\/www.instagram.com\/kulturhusetkarelia\/"]}]}},"jetpack_sharing_enabled":true,"_links":{"self":[{"href":"https:\/\/kulturhusetkarelia.fi\/fi\/wp-json\/wp\/v2\/ajde_events\/18027","targetHints":{"allow":["GET"]}}],"collection":[{"href":"https:\/\/kulturhusetkarelia.fi\/fi\/wp-json\/wp\/v2\/ajde_events"}],"about":[{"href":"https:\/\/kulturhusetkarelia.fi\/fi\/wp-json\/wp\/v2\/types\/ajde_events"}],"author":[{"embeddable":true,"href":"https:\/\/kulturhusetkarelia.fi\/fi\/wp-json\/wp\/v2\/users\/4"}],"replies":[{"embeddable":true,"href":"https:\/\/kulturhusetkarelia.fi\/fi\/wp-json\/wp\/v2\/comments?post=18027"}],"wp:featuredmedia":[{"embeddable":true,"href":"https:\/\/kulturhusetkarelia.fi\/fi\/wp-json\/wp\/v2\/media\/18031"}],"wp:attachment":[{"href":"https:\/\/kulturhusetkarelia.fi\/fi\/wp-json\/wp\/v2\/media?parent=18027"}],"wp:term":[{"taxonomy":"post_tag","embeddable":true,"href":"https:\/\/kulturhusetkarelia.fi\/fi\/wp-json\/wp\/v2\/tags?post=18027"},{"taxonomy":"event_type","embeddable":true,"href":"https:\/\/kulturhusetkarelia.fi\/fi\/wp-json\/wp\/v2\/event_type?post=18027"},{"taxonomy":"event_type_2","embeddable":true,"href":"https:\/\/kulturhusetkarelia.fi\/fi\/wp-json\/wp\/v2\/event_type_2?post=18027"}],"curies":[{"name":"wp","href":"https:\/\/api.w.org\/{rel}","templated":true}]}}

<p class="wp-block-paragraph">Nedan ser ni bokkalasets program på Kulturhuset Karelia. Bokkalsets övriga program hittar ni på <a href="https://bokkalaset.wordpress.com/program-2026/">Bokkalasets egna hemsida</a>. </p>



<p class="wp-block-paragraph"><strong>LÖRDAG 7.11</strong></p>



<p class="wp-block-paragraph">Konferencier: Tove Virta</p>



<p class="wp-block-paragraph"><strong>Kl. 11.00-11.45</strong> <br>I en vilsen värld. Pär Stenbäck samtalar med Tapani Ritamäki</p>



<p class="wp-block-paragraph"><strong>Kl. 12.00-12.45</strong> <br>Till sista raden. Anne Hietanen och Michaela von Kügelgen samtalar</p>



<p class="wp-block-paragraph"><strong>Kl. 13.00-13.45</strong> <br>Fadern. Mikael Crawford </p>



<p class="wp-block-paragraph"><strong>Kl. 14.00-14.45</strong> <br>Hjältar i våra berättelser. Maria Lindgren Leavenworth (SVE) och Maria Turtschinaninoff samtalar med Ylva Perrera</p>



<p class="wp-block-paragraph"><strong>Kl. 15.00-15.45</strong> <br>Samtal om livet II. Kaj Kunnas samtalar med Antti Kuronen</p>



<p class="wp-block-paragraph">Bokförsäljning och signering efter alla programpunkter. </p>



<p class="wp-block-paragraph"></p>

<!-- This site is optimized with the Yoast SEO plugin v28.2 - https://yoast.com/product/yoast-seo-wordpress/ -->
<title>Bokkalaset - Kulturhuset Karelia</title>
<meta name="robots" content="index, follow, max-snippet:-1, max-image-preview:large, max-video-preview:-1" />
<link rel="canonical" href="https://kulturhusetkarelia.fi/fi/evenemang/bokkalaset-2/" />
<meta property="og:locale" content="fi_FI" />
<meta property="og:type" content="article" />
<meta property="og:title" content="Bokkalaset - Kulturhuset Karelia" />
<meta property="og:description" content="Nedan ser ni bokkalasets program på Kulturhuset Karelia. Bokkalsets övriga program hittar ni på Bokkalasets egna hemsida. LÖRDAG 7.11 Konferencier: Tove Virta Kl. 11.00-11.45 I en vilsen värld. Pär Stenbäck samtalar med Tapani Ritamäki Kl. 12.00-12.45 Till sista raden. Anne Hietanen och Michaela von Kügelgen samtalar Kl. 13.00-13.45 Fadern. Mikael Crawford Kl. 14.00-14.45 Hjältar i&hellip; Jatka lukemista Bokkalaset" />
<meta property="og:url" content="https://kulturhusetkarelia.fi/fi/evenemang/bokkalaset-2/" />
<meta property="og:site_name" content="Kulturhuset Karelia" />
<meta property="article:publisher" content="https://www.facebook.com/kulturhusetkarelia/" />
<meta property="article:modified_time" content="2026-08-18T13:12:40+00:00" />
<meta property="og:image" content="https://kulturhusetkarelia.fi/wp-content/uploads/2026/08/fbheader2026_stor.jpg.avif" />
	<meta property="og:image:width" content="1654" />
	<meta property="og:image:height" content="648" />
	<meta property="og:image:type" content="image/jpeg" />
<meta name="twitter:card" content="summary_large_image" />
<meta name="twitter:label1" content="Arvioitu lukuaika" />
	<meta name="twitter:data1" content="1 minuutti" />
<script type="application/ld+json" class="yoast-schema-graph">{"@context":"https:\/\/schema.org","@graph":[{"@type":"WebPage","@id":"https:\/\/kulturhusetkarelia.fi\/evenemang\/bokkalaset-2\/","url":"https:\/\/kulturhusetkarelia.fi\/evenemang\/bokkalaset-2\/","name":"Bokkalaset - Kulturhuset Karelia","isPartOf":{"@id":"https:\/\/kulturhusetkarelia.fi\/#website"},"primaryImageOfPage":{"@id":"https:\/\/kulturhusetkarelia.fi\/evenemang\/bokkalaset-2\/#primaryimage"},"image":{"@id":"https:\/\/kulturhusetkarelia.fi\/evenemang\/bokkalaset-2\/#primaryimage"},"thumbnailUrl":"https:\/\/kulturhusetkarelia.fi\/wp-content\/uploads\/2026\/08\/fbheader2026_stor.jpg.avif","datePublished":"2026-08-18T13:12:38+00:00","dateModified":"2026-08-18T13:12:40+00:00","breadcrumb":{"@id":"https:\/\/kulturhusetkarelia.fi\/evenemang\/bokkalaset-2\/#breadcrumb"},"inLanguage":"fi","potentialAction":[{"@type":"ReadAction","target":["https:\/\/kulturhusetkarelia.fi\/evenemang\/bokkalaset-2\/"]}]},{"@type":"ImageObject","inLanguage":"fi","@id":"https:\/\/kulturhusetkarelia.fi\/evenemang\/bokkalaset-2\/#primaryimage","url":"https:\/\/kulturhusetkarelia.fi\/wp-content\/uploads\/2026\/08\/fbheader2026_stor.jpg.avif","contentUrl":"https:\/\/kulturhusetkarelia.fi\/wp-content\/uploads\/2026\/08\/fbheader2026_stor.jpg.avif","width":1654,"height":648},{"@type":"BreadcrumbList","@id":"https:\/\/kulturhusetkarelia.fi\/evenemang\/bokkalaset-2\/#breadcrumb","itemListElement":[{"@type":"ListItem","position":1,"name":"Home","item":"https:\/\/kulturhusetkarelia.fi\/"},{"@type":"ListItem","position":2,"name":"Events","item":"https:\/\/kulturhusetkarelia.fi\/evenemang\/"},{"@type":"ListItem","position":3,"name":"Bokkalaset"}]},{"@type":"WebSite","@id":"https:\/\/kulturhusetkarelia.fi\/#website","url":"https:\/\/kulturhusetkarelia.fi\/","name":"Kulturhuset Karelia","description":"","publisher":{"@id":"https:\/\/kulturhusetkarelia.fi\/#organization"},"potentialAction":[{"@type":"SearchAction","target":{"@type":"EntryPoint","urlTemplate":"https:\/\/kulturhusetkarelia.fi\/?s={search_term_string}"},"query-input":{"@type":"PropertyValueSpecification","valueRequired":true,"valueName":"search_term_string"}}],"inLanguage":"fi"},{"@type":"Organization","@id":"https:\/\/kulturhusetkarelia.fi\/#organization","name":"Kulturhuset Karelia","url":"https:\/\/kulturhusetkarelia.fi\/","logo":{"@type":"ImageObject","inLanguage":"fi","@id":"https:\/\/kulturhusetkarelia.fi\/#\/schema\/logo\/image\/","url":"https:\/\/kulturhusetkarelia.fi\/wp-content\/uploads\/2023\/01\/Stor-logo-rod.svg","contentUrl":"https:\/\/kulturhusetkarelia.fi\/wp-content\/uploads\/2023\/01\/Stor-logo-rod.svg","width":1,"height":1,"caption":"Kulturhuset Karelia"},"image":{"@id":"https:\/\/kulturhusetkarelia.fi\/#\/schema\/logo\/image\/"},"sameAs":["https:\/\/www.facebook.com\/kulturhusetkarelia\/","https:\/\/www.instagram.com\/kulturhusetkarelia\/"]}]}</script>
<!-- / Yoast SEO plugin. -->

Nedan ser ni bokkalasets program på Kulturhuset Karelia. Bokkalsets övriga program hittar ni på Bokkalasets egna hemsida. LÖRDAG 7.11 Konferencier: Tove Virta Kl. 11.00-11.45 I en vilsen värld. Pär Stenbäck samtalar med Tapani Ritamäki Kl. 12.00-12.45 Till sista raden. Anne Hietanen och Michaela von Kügelgen samtalar Kl. 13.00-13.45 Fadern. Mikael Crawford Kl. 14.00-14.45 Hjältar i&hellip; Jatka lukemista Bokkalaset
