{"id":17749,"date":"2025-09-11T13:18:38","date_gmt":"2025-09-11T10:18:38","guid":{"rendered":"https:\/\/kulturhusetkarelia.fi\/?post_type=ajde_events&#038;p=17749"},"modified":"2025-09-11T13:18:39","modified_gmt":"2025-09-11T10:18:39","slug":"sista-brevet-fran-fronten","status":"publish","type":"ajde_events","link":"https:\/\/kulturhusetkarelia.fi\/fi\/evenemang\/sista-brevet-fran-fronten\/","title":{"rendered":"Sista brevet fr\u00e5n fronten"},"content":{"rendered":"<p>Sommaren \u00e4r varm, 80-talet \u00e4r i full blom och dottern hj\u00e4lper sin far att rensa garderoben. Bland gamla kartonger och dammiga fotoalbum hittar hon en l\u00e5da hon aldrig sett f\u00f6rut. Inuti finns brev. Handskrivna. Gamla och slitna.<\/p>\n\n\n\n<p>Nu, f\u00f6r f\u00f6rsta g\u00e5ngen, \u00f6ppnar pappan dem. Inte bara kuverten, utan ocks\u00e5 det han h\u00e5llit inom sig i hela sitt vuxna liv.<\/p>\n\n\n\n<p>Tillsammans l\u00e4ser de. Minns och undrar. Pratar och fr\u00e5gar. K\u00e4nner&#8230;<\/p>\n\n\n\n<p>Den unika stunden blir som ett slags befrielse.<\/p>\n\n\n\n<p><strong>Onsdag 29.10 kl. 18.00<\/strong><\/p>\n\n\n\n<p><strong>Biljett 20 \u20ac<\/strong><\/p>\n\n\n\n<p><strong>L\u00e4ngd 50 min.<\/strong><\/p>\n\n\n\n<p>&#8221;Sista brevet fr\u00e5n fronten&#8221; \u00e4r ingen historielektion, utan fokuserar p\u00e5 den m\u00e4nskliga ber\u00e4ttelsen och att leva mitt i det ofattbara. Hur det kunde k\u00e4nnas att vara ung vid fronten, eller hemma, mitt i ovissheten.<\/p>","protected":false},"author":4,"featured_media":17750,"menu_order":0,"comment_status":"closed","ping_status":"closed","template":"","meta":{"_themeisle_gutenberg_block_has_review":false},"tags":[],"event_type":[],"event_type_2":[],"class_list":["post-17749","ajde_events","type-ajde_events","status-publish","has-post-thumbnail","hentry","event_location-kulturhuset-karelia","event_organizer-hango-frontmuseum","entry"],"yoast_head":"<!-- This site is optimized with the Yoast SEO plugin v24.9 - https:\/\/yoast.com\/wordpress\/plugins\/seo\/ -->\n<title>Sista brevet fr\u00e5n fronten - Kulturhuset Karelia<\/title>\n<meta name=\"robots\" content=\"index, follow, max-snippet:-1, max-image-preview:large, max-video-preview:-1\" \/>\n<link rel=\"canonical\" href=\"https:\/\/kulturhusetkarelia.fi\/fi\/evenemang\/sista-brevet-fran-fronten\/\" \/>\n<meta property=\"og:locale\" content=\"fi_FI\" \/>\n<meta property=\"og:type\" content=\"article\" \/>\n<meta property=\"og:title\" content=\"Sista brevet fr\u00e5n fronten - Kulturhuset Karelia\" \/>\n<meta property=\"og:description\" content=\"Sommaren \u00e4r varm, 80-talet \u00e4r i full blom och dottern hj\u00e4lper sin far att rensa garderoben. Bland gamla kartonger och dammiga fotoalbum hittar hon en l\u00e5da hon aldrig sett f\u00f6rut. Inuti finns brev. Handskrivna. Gamla och slitna. Nu, f\u00f6r f\u00f6rsta g\u00e5ngen, \u00f6ppnar pappan dem. Inte bara kuverten, utan ocks\u00e5 det han h\u00e5llit inom sig i&hellip; Jatka lukemista Sista brevet fr\u00e5n fronten\" \/>\n<meta property=\"og:url\" content=\"https:\/\/kulturhusetkarelia.fi\/fi\/evenemang\/sista-brevet-fran-fronten\/\" \/>\n<meta property=\"og:site_name\" content=\"Kulturhuset Karelia\" \/>\n<meta property=\"article:publisher\" content=\"https:\/\/www.facebook.com\/kulturhusetkarelia\/\" \/>\n<meta property=\"article:modified_time\" content=\"2025-09-11T10:18:39+00:00\" \/>\n<meta property=\"og:image\" content=\"https:\/\/kulturhusetkarelia.fi\/wp-content\/uploads\/2025\/09\/sista-brevet-fran-fronten_hemsida.avif\" \/>\n\t<meta property=\"og:image:width\" content=\"1920\" \/>\n\t<meta property=\"og:image:height\" content=\"1264\" \/>\n\t<meta property=\"og:image:type\" content=\"image\/jpeg\" \/>\n<meta name=\"twitter:card\" content=\"summary_large_image\" \/>\n<meta name=\"twitter:label1\" content=\"Arvioitu lukuaika\" \/>\n\t<meta name=\"twitter:data1\" content=\"1 minuutti\" \/>\n<script type=\"application\/ld+json\" class=\"yoast-schema-graph\">{\"@context\":\"https:\/\/schema.org\",\"@graph\":[{\"@type\":\"WebPage\",\"@id\":\"https:\/\/kulturhusetkarelia.fi\/evenemang\/sista-brevet-fran-fronten\/\",\"url\":\"https:\/\/kulturhusetkarelia.fi\/evenemang\/sista-brevet-fran-fronten\/\",\"name\":\"Sista brevet fr\u00e5n fronten - Kulturhuset Karelia\",\"isPartOf\":{\"@id\":\"https:\/\/kulturhusetkarelia.fi\/#website\"},\"primaryImageOfPage\":{\"@id\":\"https:\/\/kulturhusetkarelia.fi\/evenemang\/sista-brevet-fran-fronten\/#primaryimage\"},\"image\":{\"@id\":\"https:\/\/kulturhusetkarelia.fi\/evenemang\/sista-brevet-fran-fronten\/#primaryimage\"},\"thumbnailUrl\":\"https:\/\/kulturhusetkarelia.fi\/wp-content\/uploads\/2025\/09\/sista-brevet-fran-fronten_hemsida.avif\",\"datePublished\":\"2025-09-11T10:18:38+00:00\",\"dateModified\":\"2025-09-11T10:18:39+00:00\",\"breadcrumb\":{\"@id\":\"https:\/\/kulturhusetkarelia.fi\/evenemang\/sista-brevet-fran-fronten\/#breadcrumb\"},\"inLanguage\":\"fi\",\"potentialAction\":[{\"@type\":\"ReadAction\",\"target\":[\"https:\/\/kulturhusetkarelia.fi\/evenemang\/sista-brevet-fran-fronten\/\"]}]},{\"@type\":\"ImageObject\",\"inLanguage\":\"fi\",\"@id\":\"https:\/\/kulturhusetkarelia.fi\/evenemang\/sista-brevet-fran-fronten\/#primaryimage\",\"url\":\"https:\/\/kulturhusetkarelia.fi\/wp-content\/uploads\/2025\/09\/sista-brevet-fran-fronten_hemsida.avif\",\"contentUrl\":\"https:\/\/kulturhusetkarelia.fi\/wp-content\/uploads\/2025\/09\/sista-brevet-fran-fronten_hemsida.avif\",\"width\":1920,\"height\":1264},{\"@type\":\"BreadcrumbList\",\"@id\":\"https:\/\/kulturhusetkarelia.fi\/evenemang\/sista-brevet-fran-fronten\/#breadcrumb\",\"itemListElement\":[{\"@type\":\"ListItem\",\"position\":1,\"name\":\"Home\",\"item\":\"https:\/\/kulturhusetkarelia.fi\/\"},{\"@type\":\"ListItem\",\"position\":2,\"name\":\"Events\",\"item\":\"https:\/\/kulturhusetkarelia.fi\/evenemang\/\"},{\"@type\":\"ListItem\",\"position\":3,\"name\":\"Sista brevet fr\u00e5n fronten\"}]},{\"@type\":\"WebSite\",\"@id\":\"https:\/\/kulturhusetkarelia.fi\/#website\",\"url\":\"https:\/\/kulturhusetkarelia.fi\/\",\"name\":\"Kulturhuset Karelia\",\"description\":\"\",\"publisher\":{\"@id\":\"https:\/\/kulturhusetkarelia.fi\/#organization\"},\"potentialAction\":[{\"@type\":\"SearchAction\",\"target\":{\"@type\":\"EntryPoint\",\"urlTemplate\":\"https:\/\/kulturhusetkarelia.fi\/?s={search_term_string}\"},\"query-input\":{\"@type\":\"PropertyValueSpecification\",\"valueRequired\":true,\"valueName\":\"search_term_string\"}}],\"inLanguage\":\"fi\"},{\"@type\":\"Organization\",\"@id\":\"https:\/\/kulturhusetkarelia.fi\/#organization\",\"name\":\"Kulturhuset Karelia\",\"url\":\"https:\/\/kulturhusetkarelia.fi\/\",\"logo\":{\"@type\":\"ImageObject\",\"inLanguage\":\"fi\",\"@id\":\"https:\/\/kulturhusetkarelia.fi\/#\/schema\/logo\/image\/\",\"url\":\"https:\/\/kulturhusetkarelia.fi\/wp-content\/uploads\/2023\/01\/Stor-logo-rod.svg\",\"contentUrl\":\"https:\/\/kulturhusetkarelia.fi\/wp-content\/uploads\/2023\/01\/Stor-logo-rod.svg\",\"width\":1,\"height\":1,\"caption\":\"Kulturhuset Karelia\"},\"image\":{\"@id\":\"https:\/\/kulturhusetkarelia.fi\/#\/schema\/logo\/image\/\"},\"sameAs\":[\"https:\/\/www.facebook.com\/kulturhusetkarelia\/\",\"https:\/\/www.instagram.com\/kulturhusetkarelia\/\"]}]}<\/script>\n<!-- \/ Yoast SEO plugin. -->","yoast_head_json":{"title":"Sista brevet fr\u00e5n fronten - Kulturhuset Karelia","robots":{"index":"index","follow":"follow","max-snippet":"max-snippet:-1","max-image-preview":"max-image-preview:large","max-video-preview":"max-video-preview:-1"},"canonical":"https:\/\/kulturhusetkarelia.fi\/fi\/evenemang\/sista-brevet-fran-fronten\/","og_locale":"fi_FI","og_type":"article","og_title":"Sista brevet fr\u00e5n fronten - Kulturhuset Karelia","og_description":"Sommaren \u00e4r varm, 80-talet \u00e4r i full blom och dottern hj\u00e4lper sin far att rensa garderoben. Bland gamla kartonger och dammiga fotoalbum hittar hon en l\u00e5da hon aldrig sett f\u00f6rut. Inuti finns brev. Handskrivna. Gamla och slitna. Nu, f\u00f6r f\u00f6rsta g\u00e5ngen, \u00f6ppnar pappan dem. Inte bara kuverten, utan ocks\u00e5 det han h\u00e5llit inom sig i&hellip; Jatka lukemista Sista brevet fr\u00e5n fronten","og_url":"https:\/\/kulturhusetkarelia.fi\/fi\/evenemang\/sista-brevet-fran-fronten\/","og_site_name":"Kulturhuset Karelia","article_publisher":"https:\/\/www.facebook.com\/kulturhusetkarelia\/","article_modified_time":"2025-09-11T10:18:39+00:00","og_image":[{"width":1920,"height":1264,"url":"https:\/\/kulturhusetkarelia.fi\/wp-content\/uploads\/2025\/09\/sista-brevet-fran-fronten_hemsida.avif","type":"image\/jpeg"}],"twitter_card":"summary_large_image","twitter_misc":{"Arvioitu lukuaika":"1 minuutti"},"schema":{"@context":"https:\/\/schema.org","@graph":[{"@type":"WebPage","@id":"https:\/\/kulturhusetkarelia.fi\/evenemang\/sista-brevet-fran-fronten\/","url":"https:\/\/kulturhusetkarelia.fi\/evenemang\/sista-brevet-fran-fronten\/","name":"Sista brevet fr\u00e5n fronten - Kulturhuset Karelia","isPartOf":{"@id":"https:\/\/kulturhusetkarelia.fi\/#website"},"primaryImageOfPage":{"@id":"https:\/\/kulturhusetkarelia.fi\/evenemang\/sista-brevet-fran-fronten\/#primaryimage"},"image":{"@id":"https:\/\/kulturhusetkarelia.fi\/evenemang\/sista-brevet-fran-fronten\/#primaryimage"},"thumbnailUrl":"https:\/\/kulturhusetkarelia.fi\/wp-content\/uploads\/2025\/09\/sista-brevet-fran-fronten_hemsida.avif","datePublished":"2025-09-11T10:18:38+00:00","dateModified":"2025-09-11T10:18:39+00:00","breadcrumb":{"@id":"https:\/\/kulturhusetkarelia.fi\/evenemang\/sista-brevet-fran-fronten\/#breadcrumb"},"inLanguage":"fi","potentialAction":[{"@type":"ReadAction","target":["https:\/\/kulturhusetkarelia.fi\/evenemang\/sista-brevet-fran-fronten\/"]}]},{"@type":"ImageObject","inLanguage":"fi","@id":"https:\/\/kulturhusetkarelia.fi\/evenemang\/sista-brevet-fran-fronten\/#primaryimage","url":"https:\/\/kulturhusetkarelia.fi\/wp-content\/uploads\/2025\/09\/sista-brevet-fran-fronten_hemsida.avif","contentUrl":"https:\/\/kulturhusetkarelia.fi\/wp-content\/uploads\/2025\/09\/sista-brevet-fran-fronten_hemsida.avif","width":1920,"height":1264},{"@type":"BreadcrumbList","@id":"https:\/\/kulturhusetkarelia.fi\/evenemang\/sista-brevet-fran-fronten\/#breadcrumb","itemListElement":[{"@type":"ListItem","position":1,"name":"Home","item":"https:\/\/kulturhusetkarelia.fi\/"},{"@type":"ListItem","position":2,"name":"Events","item":"https:\/\/kulturhusetkarelia.fi\/evenemang\/"},{"@type":"ListItem","position":3,"name":"Sista brevet fr\u00e5n fronten"}]},{"@type":"WebSite","@id":"https:\/\/kulturhusetkarelia.fi\/#website","url":"https:\/\/kulturhusetkarelia.fi\/","name":"Kulturhuset Karelia","description":"","publisher":{"@id":"https:\/\/kulturhusetkarelia.fi\/#organization"},"potentialAction":[{"@type":"SearchAction","target":{"@type":"EntryPoint","urlTemplate":"https:\/\/kulturhusetkarelia.fi\/?s={search_term_string}"},"query-input":{"@type":"PropertyValueSpecification","valueRequired":true,"valueName":"search_term_string"}}],"inLanguage":"fi"},{"@type":"Organization","@id":"https:\/\/kulturhusetkarelia.fi\/#organization","name":"Kulturhuset Karelia","url":"https:\/\/kulturhusetkarelia.fi\/","logo":{"@type":"ImageObject","inLanguage":"fi","@id":"https:\/\/kulturhusetkarelia.fi\/#\/schema\/logo\/image\/","url":"https:\/\/kulturhusetkarelia.fi\/wp-content\/uploads\/2023\/01\/Stor-logo-rod.svg","contentUrl":"https:\/\/kulturhusetkarelia.fi\/wp-content\/uploads\/2023\/01\/Stor-logo-rod.svg","width":1,"height":1,"caption":"Kulturhuset Karelia"},"image":{"@id":"https:\/\/kulturhusetkarelia.fi\/#\/schema\/logo\/image\/"},"sameAs":["https:\/\/www.facebook.com\/kulturhusetkarelia\/","https:\/\/www.instagram.com\/kulturhusetkarelia\/"]}]}},"jetpack_sharing_enabled":true,"_links":{"self":[{"href":"https:\/\/kulturhusetkarelia.fi\/fi\/wp-json\/wp\/v2\/ajde_events\/17749","targetHints":{"allow":["GET"]}}],"collection":[{"href":"https:\/\/kulturhusetkarelia.fi\/fi\/wp-json\/wp\/v2\/ajde_events"}],"about":[{"href":"https:\/\/kulturhusetkarelia.fi\/fi\/wp-json\/wp\/v2\/types\/ajde_events"}],"author":[{"embeddable":true,"href":"https:\/\/kulturhusetkarelia.fi\/fi\/wp-json\/wp\/v2\/users\/4"}],"replies":[{"embeddable":true,"href":"https:\/\/kulturhusetkarelia.fi\/fi\/wp-json\/wp\/v2\/comments?post=17749"}],"wp:featuredmedia":[{"embeddable":true,"href":"https:\/\/kulturhusetkarelia.fi\/fi\/wp-json\/wp\/v2\/media\/17750"}],"wp:attachment":[{"href":"https:\/\/kulturhusetkarelia.fi\/fi\/wp-json\/wp\/v2\/media?parent=17749"}],"wp:term":[{"taxonomy":"post_tag","embeddable":true,"href":"https:\/\/kulturhusetkarelia.fi\/fi\/wp-json\/wp\/v2\/tags?post=17749"},{"taxonomy":"event_type","embeddable":true,"href":"https:\/\/kulturhusetkarelia.fi\/fi\/wp-json\/wp\/v2\/event_type?post=17749"},{"taxonomy":"event_type_2","embeddable":true,"href":"https:\/\/kulturhusetkarelia.fi\/fi\/wp-json\/wp\/v2\/event_type_2?post=17749"}],"curies":[{"name":"wp","href":"https:\/\/api.w.org\/{rel}","templated":true}]}}

Sista brevet från fronten

<p>Sommaren är varm, 80-talet är i full blom och dottern hjälper sin far att rensa garderoben. Bland gamla kartonger och dammiga fotoalbum hittar hon en låda hon aldrig sett förut. Inuti finns brev. Handskrivna. Gamla och slitna.</p>



<p>Nu, för första gången, öppnar pappan dem. Inte bara kuverten, utan också det han hållit inom sig i hela sitt vuxna liv.</p>



<p>Tillsammans läser de. Minns och undrar. Pratar och frågar. Känner&#8230;</p>



<p>Den unika stunden blir som ett slags befrielse.</p>



<p><strong>Onsdag 29.10 kl. 18.00</strong></p>



<p><strong>Biljett 20 €</strong></p>



<p><strong>Längd 50 min.</strong></p>



<p>&#8221;Sista brevet från fronten&#8221; är ingen historielektion, utan fokuserar på den mänskliga berättelsen och att leva mitt i det ofattbara. Hur det kunde kännas att vara ung vid fronten, eller hemma, mitt i ovissheten.</p>

<!-- This site is optimized with the Yoast SEO plugin v24.9 - https://yoast.com/wordpress/plugins/seo/ -->
<title>Sista brevet från fronten - Kulturhuset Karelia</title>
<meta name="robots" content="index, follow, max-snippet:-1, max-image-preview:large, max-video-preview:-1" />
<link rel="canonical" href="https://kulturhusetkarelia.fi/fi/evenemang/sista-brevet-fran-fronten/" />
<meta property="og:locale" content="fi_FI" />
<meta property="og:type" content="article" />
<meta property="og:title" content="Sista brevet från fronten - Kulturhuset Karelia" />
<meta property="og:description" content="Sommaren är varm, 80-talet är i full blom och dottern hjälper sin far att rensa garderoben. Bland gamla kartonger och dammiga fotoalbum hittar hon en låda hon aldrig sett förut. Inuti finns brev. Handskrivna. Gamla och slitna. Nu, för första gången, öppnar pappan dem. Inte bara kuverten, utan också det han hållit inom sig i&hellip; Jatka lukemista Sista brevet från fronten" />
<meta property="og:url" content="https://kulturhusetkarelia.fi/fi/evenemang/sista-brevet-fran-fronten/" />
<meta property="og:site_name" content="Kulturhuset Karelia" />
<meta property="article:publisher" content="https://www.facebook.com/kulturhusetkarelia/" />
<meta property="article:modified_time" content="2025-09-11T10:18:39+00:00" />
<meta property="og:image" content="https://kulturhusetkarelia.fi/wp-content/uploads/2025/09/sista-brevet-fran-fronten_hemsida.avif" />
	<meta property="og:image:width" content="1920" />
	<meta property="og:image:height" content="1264" />
	<meta property="og:image:type" content="image/jpeg" />
<meta name="twitter:card" content="summary_large_image" />
<meta name="twitter:label1" content="Arvioitu lukuaika" />
	<meta name="twitter:data1" content="1 minuutti" />
<script type="application/ld+json" class="yoast-schema-graph">{"@context":"https://schema.org","@graph":[{"@type":"WebPage","@id":"https://kulturhusetkarelia.fi/evenemang/sista-brevet-fran-fronten/","url":"https://kulturhusetkarelia.fi/evenemang/sista-brevet-fran-fronten/","name":"Sista brevet från fronten - Kulturhuset Karelia","isPartOf":{"@id":"https://kulturhusetkarelia.fi/#website"},"primaryImageOfPage":{"@id":"https://kulturhusetkarelia.fi/evenemang/sista-brevet-fran-fronten/#primaryimage"},"image":{"@id":"https://kulturhusetkarelia.fi/evenemang/sista-brevet-fran-fronten/#primaryimage"},"thumbnailUrl":"https://kulturhusetkarelia.fi/wp-content/uploads/2025/09/sista-brevet-fran-fronten_hemsida.avif","datePublished":"2025-09-11T10:18:38+00:00","dateModified":"2025-09-11T10:18:39+00:00","breadcrumb":{"@id":"https://kulturhusetkarelia.fi/evenemang/sista-brevet-fran-fronten/#breadcrumb"},"inLanguage":"fi","potentialAction":[{"@type":"ReadAction","target":["https://kulturhusetkarelia.fi/evenemang/sista-brevet-fran-fronten/"]}]},{"@type":"ImageObject","inLanguage":"fi","@id":"https://kulturhusetkarelia.fi/evenemang/sista-brevet-fran-fronten/#primaryimage","url":"https://kulturhusetkarelia.fi/wp-content/uploads/2025/09/sista-brevet-fran-fronten_hemsida.avif","contentUrl":"https://kulturhusetkarelia.fi/wp-content/uploads/2025/09/sista-brevet-fran-fronten_hemsida.avif","width":1920,"height":1264},{"@type":"BreadcrumbList","@id":"https://kulturhusetkarelia.fi/evenemang/sista-brevet-fran-fronten/#breadcrumb","itemListElement":[{"@type":"ListItem","position":1,"name":"Home","item":"https://kulturhusetkarelia.fi/"},{"@type":"ListItem","position":2,"name":"Events","item":"https://kulturhusetkarelia.fi/evenemang/"},{"@type":"ListItem","position":3,"name":"Sista brevet från fronten"}]},{"@type":"WebSite","@id":"https://kulturhusetkarelia.fi/#website","url":"https://kulturhusetkarelia.fi/","name":"Kulturhuset Karelia","description":"","publisher":{"@id":"https://kulturhusetkarelia.fi/#organization"},"potentialAction":[{"@type":"SearchAction","target":{"@type":"EntryPoint","urlTemplate":"https://kulturhusetkarelia.fi/?s={search_term_string}"},"query-input":{"@type":"PropertyValueSpecification","valueRequired":true,"valueName":"search_term_string"}}],"inLanguage":"fi"},{"@type":"Organization","@id":"https://kulturhusetkarelia.fi/#organization","name":"Kulturhuset Karelia","url":"https://kulturhusetkarelia.fi/","logo":{"@type":"ImageObject","inLanguage":"fi","@id":"https://kulturhusetkarelia.fi/#/schema/logo/image/","url":"https://kulturhusetkarelia.fi/wp-content/uploads/2023/01/Stor-logo-rod.svg","contentUrl":"https://kulturhusetkarelia.fi/wp-content/uploads/2023/01/Stor-logo-rod.svg","width":1,"height":1,"caption":"Kulturhuset Karelia"},"image":{"@id":"https://kulturhusetkarelia.fi/#/schema/logo/image/"},"sameAs":["https://www.facebook.com/kulturhusetkarelia/","https://www.instagram.com/kulturhusetkarelia/"]}]}</script>
<!-- / Yoast SEO plugin. -->

Sista brevet från fronten - Kulturhuset Karelia

Sommaren är varm, 80-talet är i full blom och dottern hjälper sin far att rensa garderoben. Bland gamla kartonger och dammiga fotoalbum hittar hon en låda hon aldrig sett förut. Inuti finns brev. Handskrivna. Gamla och slitna. Nu, för första gången, öppnar pappan dem. Inte bara kuverten, utan också det han hållit inom sig i&hellip; Jatka lukemista Sista brevet från fronten
