{"id":17717,"date":"2025-08-28T09:04:01","date_gmt":"2025-08-28T06:04:01","guid":{"rendered":"https:\/\/kulturhusetkarelia.fi\/?post_type=ajde_events&#038;p=17717"},"modified":"2025-08-28T09:04:02","modified_gmt":"2025-08-28T06:04:02","slug":"elvis90-a-tribute-to-the-king","status":"publish","type":"ajde_events","link":"https:\/\/kulturhusetkarelia.fi\/fi\/evenemang\/elvis90-a-tribute-to-the-king\/","title":{"rendered":"ELVIS90 &#8211; A tribute To The King"},"content":{"rendered":"<p>\u00c4ntligen \u00e4r det dags! Efter stor efterfr\u00e5gan forts\u00e4tter den uppskattade turn\u00e9n ELVIS90 i s\u00f6dra Finland.<\/p>\n\n\n\n<p>I \u00e5r skulle Elvis Presley ha fyllt 90 \u00e5r \u2013 och det firas med en helkv\u00e4ll fylld av musik, historier och humor, men framf\u00f6r allt med musiken. <\/p>\n\n\n\n<p>P\u00e5 scen st\u00e5r <strong>Philip J\u00e4rvenp\u00e4\u00e4 (s\u00e5ng, gitarr)<\/strong> tillsammans med sitt h\u00f6gklassiga band:<\/p>\n\n\n\n<ul class=\"wp-block-list\">\n<li><strong>Victor Nyblom<\/strong> \u2013 trummor<\/li>\n\n\n\n<li><strong>Johan Emet<\/strong> \u2013 piano &amp; gitarr<\/li>\n\n\n\n<li><strong>Stig Nyg\u00e5rd<\/strong> \u2013 bas<\/li>\n<\/ul>\n\n\n\n<p>En hel konsert fylld av musik fr\u00e5n Elvis Presleys l\u00e5tskatt.<\/p>\n\n\n\n<p>Fredag <strong>17 oktober kl. 19.00<\/strong><\/p>\n\n\n\n<p>L\u00e4ngd ca 1h 30 min.<\/p>\n\n\n\n<p><\/p>\n\n\n\n<p><\/p>","protected":false},"author":4,"featured_media":0,"menu_order":0,"comment_status":"closed","ping_status":"closed","template":"","meta":{"_themeisle_gutenberg_block_has_review":false},"tags":[],"event_type":[],"event_type_2":[],"class_list":["post-17717","ajde_events","type-ajde_events","status-publish","hentry","event_location-kulturhuset-karelia","event_organizer-philip-jarvenpaa","entry"],"yoast_head":"<!-- This site is optimized with the Yoast SEO plugin v24.9 - https:\/\/yoast.com\/wordpress\/plugins\/seo\/ -->\n<title>ELVIS90 - A tribute To The King - Kulturhuset Karelia<\/title>\n<meta name=\"robots\" content=\"index, follow, max-snippet:-1, max-image-preview:large, max-video-preview:-1\" \/>\n<link rel=\"canonical\" href=\"https:\/\/kulturhusetkarelia.fi\/fi\/evenemang\/elvis90-a-tribute-to-the-king\/\" \/>\n<meta property=\"og:locale\" content=\"fi_FI\" \/>\n<meta property=\"og:type\" content=\"article\" \/>\n<meta property=\"og:title\" content=\"ELVIS90 - A tribute To The King - Kulturhuset Karelia\" \/>\n<meta property=\"og:description\" content=\"\u00c4ntligen \u00e4r det dags! Efter stor efterfr\u00e5gan forts\u00e4tter den uppskattade turn\u00e9n ELVIS90 i s\u00f6dra Finland. I \u00e5r skulle Elvis Presley ha fyllt 90 \u00e5r \u2013 och det firas med en helkv\u00e4ll fylld av musik, historier och humor, men framf\u00f6r allt med musiken. P\u00e5 scen st\u00e5r Philip J\u00e4rvenp\u00e4\u00e4 (s\u00e5ng, gitarr) tillsammans med sitt h\u00f6gklassiga band: En&hellip; Jatka lukemista ELVIS90 &#8211; A tribute To The King\" \/>\n<meta property=\"og:url\" content=\"https:\/\/kulturhusetkarelia.fi\/fi\/evenemang\/elvis90-a-tribute-to-the-king\/\" \/>\n<meta property=\"og:site_name\" content=\"Kulturhuset Karelia\" \/>\n<meta property=\"article:publisher\" content=\"https:\/\/www.facebook.com\/kulturhusetkarelia\/\" \/>\n<meta property=\"article:modified_time\" content=\"2025-08-28T06:04:02+00:00\" \/>\n<meta name=\"twitter:card\" content=\"summary_large_image\" \/>\n<meta name=\"twitter:label1\" content=\"Arvioitu lukuaika\" \/>\n\t<meta name=\"twitter:data1\" content=\"1 minuutti\" \/>\n<script type=\"application\/ld+json\" class=\"yoast-schema-graph\">{\"@context\":\"https:\/\/schema.org\",\"@graph\":[{\"@type\":\"WebPage\",\"@id\":\"https:\/\/kulturhusetkarelia.fi\/evenemang\/elvis90-a-tribute-to-the-king\/\",\"url\":\"https:\/\/kulturhusetkarelia.fi\/evenemang\/elvis90-a-tribute-to-the-king\/\",\"name\":\"ELVIS90 - A tribute To The King - Kulturhuset Karelia\",\"isPartOf\":{\"@id\":\"https:\/\/kulturhusetkarelia.fi\/#website\"},\"datePublished\":\"2025-08-28T06:04:01+00:00\",\"dateModified\":\"2025-08-28T06:04:02+00:00\",\"breadcrumb\":{\"@id\":\"https:\/\/kulturhusetkarelia.fi\/evenemang\/elvis90-a-tribute-to-the-king\/#breadcrumb\"},\"inLanguage\":\"fi\",\"potentialAction\":[{\"@type\":\"ReadAction\",\"target\":[\"https:\/\/kulturhusetkarelia.fi\/evenemang\/elvis90-a-tribute-to-the-king\/\"]}]},{\"@type\":\"BreadcrumbList\",\"@id\":\"https:\/\/kulturhusetkarelia.fi\/evenemang\/elvis90-a-tribute-to-the-king\/#breadcrumb\",\"itemListElement\":[{\"@type\":\"ListItem\",\"position\":1,\"name\":\"Home\",\"item\":\"https:\/\/kulturhusetkarelia.fi\/\"},{\"@type\":\"ListItem\",\"position\":2,\"name\":\"Events\",\"item\":\"https:\/\/kulturhusetkarelia.fi\/evenemang\/\"},{\"@type\":\"ListItem\",\"position\":3,\"name\":\"ELVIS90 &#8211; A tribute To The King\"}]},{\"@type\":\"WebSite\",\"@id\":\"https:\/\/kulturhusetkarelia.fi\/#website\",\"url\":\"https:\/\/kulturhusetkarelia.fi\/\",\"name\":\"Kulturhuset Karelia\",\"description\":\"\",\"publisher\":{\"@id\":\"https:\/\/kulturhusetkarelia.fi\/#organization\"},\"potentialAction\":[{\"@type\":\"SearchAction\",\"target\":{\"@type\":\"EntryPoint\",\"urlTemplate\":\"https:\/\/kulturhusetkarelia.fi\/?s={search_term_string}\"},\"query-input\":{\"@type\":\"PropertyValueSpecification\",\"valueRequired\":true,\"valueName\":\"search_term_string\"}}],\"inLanguage\":\"fi\"},{\"@type\":\"Organization\",\"@id\":\"https:\/\/kulturhusetkarelia.fi\/#organization\",\"name\":\"Kulturhuset Karelia\",\"url\":\"https:\/\/kulturhusetkarelia.fi\/\",\"logo\":{\"@type\":\"ImageObject\",\"inLanguage\":\"fi\",\"@id\":\"https:\/\/kulturhusetkarelia.fi\/#\/schema\/logo\/image\/\",\"url\":\"https:\/\/kulturhusetkarelia.fi\/wp-content\/uploads\/2023\/01\/Stor-logo-rod.svg\",\"contentUrl\":\"https:\/\/kulturhusetkarelia.fi\/wp-content\/uploads\/2023\/01\/Stor-logo-rod.svg\",\"width\":1,\"height\":1,\"caption\":\"Kulturhuset Karelia\"},\"image\":{\"@id\":\"https:\/\/kulturhusetkarelia.fi\/#\/schema\/logo\/image\/\"},\"sameAs\":[\"https:\/\/www.facebook.com\/kulturhusetkarelia\/\",\"https:\/\/www.instagram.com\/kulturhusetkarelia\/\"]}]}<\/script>\n<!-- \/ Yoast SEO plugin. -->","yoast_head_json":{"title":"ELVIS90 - A tribute To The King - Kulturhuset Karelia","robots":{"index":"index","follow":"follow","max-snippet":"max-snippet:-1","max-image-preview":"max-image-preview:large","max-video-preview":"max-video-preview:-1"},"canonical":"https:\/\/kulturhusetkarelia.fi\/fi\/evenemang\/elvis90-a-tribute-to-the-king\/","og_locale":"fi_FI","og_type":"article","og_title":"ELVIS90 - A tribute To The King - Kulturhuset Karelia","og_description":"\u00c4ntligen \u00e4r det dags! Efter stor efterfr\u00e5gan forts\u00e4tter den uppskattade turn\u00e9n ELVIS90 i s\u00f6dra Finland. I \u00e5r skulle Elvis Presley ha fyllt 90 \u00e5r \u2013 och det firas med en helkv\u00e4ll fylld av musik, historier och humor, men framf\u00f6r allt med musiken. P\u00e5 scen st\u00e5r Philip J\u00e4rvenp\u00e4\u00e4 (s\u00e5ng, gitarr) tillsammans med sitt h\u00f6gklassiga band: En&hellip; Jatka lukemista ELVIS90 &#8211; A tribute To The King","og_url":"https:\/\/kulturhusetkarelia.fi\/fi\/evenemang\/elvis90-a-tribute-to-the-king\/","og_site_name":"Kulturhuset Karelia","article_publisher":"https:\/\/www.facebook.com\/kulturhusetkarelia\/","article_modified_time":"2025-08-28T06:04:02+00:00","twitter_card":"summary_large_image","twitter_misc":{"Arvioitu lukuaika":"1 minuutti"},"schema":{"@context":"https:\/\/schema.org","@graph":[{"@type":"WebPage","@id":"https:\/\/kulturhusetkarelia.fi\/evenemang\/elvis90-a-tribute-to-the-king\/","url":"https:\/\/kulturhusetkarelia.fi\/evenemang\/elvis90-a-tribute-to-the-king\/","name":"ELVIS90 - A tribute To The King - Kulturhuset Karelia","isPartOf":{"@id":"https:\/\/kulturhusetkarelia.fi\/#website"},"datePublished":"2025-08-28T06:04:01+00:00","dateModified":"2025-08-28T06:04:02+00:00","breadcrumb":{"@id":"https:\/\/kulturhusetkarelia.fi\/evenemang\/elvis90-a-tribute-to-the-king\/#breadcrumb"},"inLanguage":"fi","potentialAction":[{"@type":"ReadAction","target":["https:\/\/kulturhusetkarelia.fi\/evenemang\/elvis90-a-tribute-to-the-king\/"]}]},{"@type":"BreadcrumbList","@id":"https:\/\/kulturhusetkarelia.fi\/evenemang\/elvis90-a-tribute-to-the-king\/#breadcrumb","itemListElement":[{"@type":"ListItem","position":1,"name":"Home","item":"https:\/\/kulturhusetkarelia.fi\/"},{"@type":"ListItem","position":2,"name":"Events","item":"https:\/\/kulturhusetkarelia.fi\/evenemang\/"},{"@type":"ListItem","position":3,"name":"ELVIS90 &#8211; A tribute To The King"}]},{"@type":"WebSite","@id":"https:\/\/kulturhusetkarelia.fi\/#website","url":"https:\/\/kulturhusetkarelia.fi\/","name":"Kulturhuset Karelia","description":"","publisher":{"@id":"https:\/\/kulturhusetkarelia.fi\/#organization"},"potentialAction":[{"@type":"SearchAction","target":{"@type":"EntryPoint","urlTemplate":"https:\/\/kulturhusetkarelia.fi\/?s={search_term_string}"},"query-input":{"@type":"PropertyValueSpecification","valueRequired":true,"valueName":"search_term_string"}}],"inLanguage":"fi"},{"@type":"Organization","@id":"https:\/\/kulturhusetkarelia.fi\/#organization","name":"Kulturhuset Karelia","url":"https:\/\/kulturhusetkarelia.fi\/","logo":{"@type":"ImageObject","inLanguage":"fi","@id":"https:\/\/kulturhusetkarelia.fi\/#\/schema\/logo\/image\/","url":"https:\/\/kulturhusetkarelia.fi\/wp-content\/uploads\/2023\/01\/Stor-logo-rod.svg","contentUrl":"https:\/\/kulturhusetkarelia.fi\/wp-content\/uploads\/2023\/01\/Stor-logo-rod.svg","width":1,"height":1,"caption":"Kulturhuset Karelia"},"image":{"@id":"https:\/\/kulturhusetkarelia.fi\/#\/schema\/logo\/image\/"},"sameAs":["https:\/\/www.facebook.com\/kulturhusetkarelia\/","https:\/\/www.instagram.com\/kulturhusetkarelia\/"]}]}},"jetpack_sharing_enabled":true,"_links":{"self":[{"href":"https:\/\/kulturhusetkarelia.fi\/fi\/wp-json\/wp\/v2\/ajde_events\/17717","targetHints":{"allow":["GET"]}}],"collection":[{"href":"https:\/\/kulturhusetkarelia.fi\/fi\/wp-json\/wp\/v2\/ajde_events"}],"about":[{"href":"https:\/\/kulturhusetkarelia.fi\/fi\/wp-json\/wp\/v2\/types\/ajde_events"}],"author":[{"embeddable":true,"href":"https:\/\/kulturhusetkarelia.fi\/fi\/wp-json\/wp\/v2\/users\/4"}],"replies":[{"embeddable":true,"href":"https:\/\/kulturhusetkarelia.fi\/fi\/wp-json\/wp\/v2\/comments?post=17717"}],"wp:attachment":[{"href":"https:\/\/kulturhusetkarelia.fi\/fi\/wp-json\/wp\/v2\/media?parent=17717"}],"wp:term":[{"taxonomy":"post_tag","embeddable":true,"href":"https:\/\/kulturhusetkarelia.fi\/fi\/wp-json\/wp\/v2\/tags?post=17717"},{"taxonomy":"event_type","embeddable":true,"href":"https:\/\/kulturhusetkarelia.fi\/fi\/wp-json\/wp\/v2\/event_type?post=17717"},{"taxonomy":"event_type_2","embeddable":true,"href":"https:\/\/kulturhusetkarelia.fi\/fi\/wp-json\/wp\/v2\/event_type_2?post=17717"}],"curies":[{"name":"wp","href":"https:\/\/api.w.org\/{rel}","templated":true}]}}

<p>Äntligen är det dags! Efter stor efterfrågan fortsätter den uppskattade turnén ELVIS90 i södra Finland.</p>



<p>I år skulle Elvis Presley ha fyllt 90 år – och det firas med en helkväll fylld av musik, historier och humor, men framför allt med musiken. </p>



<p>På scen står <strong>Philip Järvenpää (sång, gitarr)</strong> tillsammans med sitt högklassiga band:</p>



<ul class="wp-block-list">
<li><strong>Victor Nyblom</strong> – trummor</li>



<li><strong>Johan Emet</strong> – piano &amp; gitarr</li>



<li><strong>Stig Nygård</strong> – bas</li>
</ul>



<p>En hel konsert fylld av musik från Elvis Presleys låtskatt.</p>



<p>Fredag <strong>17 oktober kl. 19.00</strong></p>



<p>Längd ca 1h 30 min.</p>



<p></p>



<p></p>

<!-- This site is optimized with the Yoast SEO plugin v24.9 - https://yoast.com/wordpress/plugins/seo/ -->
<title>ELVIS90 - A tribute To The King - Kulturhuset Karelia</title>
<meta name="robots" content="index, follow, max-snippet:-1, max-image-preview:large, max-video-preview:-1" />
<link rel="canonical" href="https://kulturhusetkarelia.fi/fi/evenemang/elvis90-a-tribute-to-the-king/" />
<meta property="og:locale" content="fi_FI" />
<meta property="og:type" content="article" />
<meta property="og:title" content="ELVIS90 - A tribute To The King - Kulturhuset Karelia" />
<meta property="og:description" content="Äntligen är det dags! Efter stor efterfrågan fortsätter den uppskattade turnén ELVIS90 i södra Finland. I år skulle Elvis Presley ha fyllt 90 år – och det firas med en helkväll fylld av musik, historier och humor, men framför allt med musiken. På scen står Philip Järvenpää (sång, gitarr) tillsammans med sitt högklassiga band: En&hellip; Jatka lukemista ELVIS90 &#8211; A tribute To The King" />
<meta property="og:url" content="https://kulturhusetkarelia.fi/fi/evenemang/elvis90-a-tribute-to-the-king/" />
<meta property="og:site_name" content="Kulturhuset Karelia" />
<meta property="article:publisher" content="https://www.facebook.com/kulturhusetkarelia/" />
<meta property="article:modified_time" content="2025-08-28T06:04:02+00:00" />
<meta name="twitter:card" content="summary_large_image" />
<meta name="twitter:label1" content="Arvioitu lukuaika" />
	<meta name="twitter:data1" content="1 minuutti" />
<script type="application/ld+json" class="yoast-schema-graph">{"@context":"https://schema.org","@graph":[{"@type":"WebPage","@id":"https://kulturhusetkarelia.fi/evenemang/elvis90-a-tribute-to-the-king/","url":"https://kulturhusetkarelia.fi/evenemang/elvis90-a-tribute-to-the-king/","name":"ELVIS90 - A tribute To The King - Kulturhuset Karelia","isPartOf":{"@id":"https://kulturhusetkarelia.fi/#website"},"datePublished":"2025-08-28T06:04:01+00:00","dateModified":"2025-08-28T06:04:02+00:00","breadcrumb":{"@id":"https://kulturhusetkarelia.fi/evenemang/elvis90-a-tribute-to-the-king/#breadcrumb"},"inLanguage":"fi","potentialAction":[{"@type":"ReadAction","target":["https://kulturhusetkarelia.fi/evenemang/elvis90-a-tribute-to-the-king/"]}]},{"@type":"BreadcrumbList","@id":"https://kulturhusetkarelia.fi/evenemang/elvis90-a-tribute-to-the-king/#breadcrumb","itemListElement":[{"@type":"ListItem","position":1,"name":"Home","item":"https://kulturhusetkarelia.fi/"},{"@type":"ListItem","position":2,"name":"Events","item":"https://kulturhusetkarelia.fi/evenemang/"},{"@type":"ListItem","position":3,"name":"ELVIS90 &#8211; A tribute To The King"}]},{"@type":"WebSite","@id":"https://kulturhusetkarelia.fi/#website","url":"https://kulturhusetkarelia.fi/","name":"Kulturhuset Karelia","description":"","publisher":{"@id":"https://kulturhusetkarelia.fi/#organization"},"potentialAction":[{"@type":"SearchAction","target":{"@type":"EntryPoint","urlTemplate":"https://kulturhusetkarelia.fi/?s={search_term_string}"},"query-input":{"@type":"PropertyValueSpecification","valueRequired":true,"valueName":"search_term_string"}}],"inLanguage":"fi"},{"@type":"Organization","@id":"https://kulturhusetkarelia.fi/#organization","name":"Kulturhuset Karelia","url":"https://kulturhusetkarelia.fi/","logo":{"@type":"ImageObject","inLanguage":"fi","@id":"https://kulturhusetkarelia.fi/#/schema/logo/image/","url":"https://kulturhusetkarelia.fi/wp-content/uploads/2023/01/Stor-logo-rod.svg","contentUrl":"https://kulturhusetkarelia.fi/wp-content/uploads/2023/01/Stor-logo-rod.svg","width":1,"height":1,"caption":"Kulturhuset Karelia"},"image":{"@id":"https://kulturhusetkarelia.fi/#/schema/logo/image/"},"sameAs":["https://www.facebook.com/kulturhusetkarelia/","https://www.instagram.com/kulturhusetkarelia/"]}]}</script>
<!-- / Yoast SEO plugin. -->

Äntligen är det dags! Efter stor efterfrågan fortsätter den uppskattade turnén ELVIS90 i södra Finland. I år skulle Elvis Presley ha fyllt 90 år – och det firas med en helkväll fylld av musik, historier och humor, men framför allt med musiken. På scen står Philip Järvenpää (sång, gitarr) tillsammans med sitt högklassiga band: En&hellip; Jatka lukemista ELVIS90 &#8211; A tribute To The King
