{"version":"1.0","provider_name":"Kulttuuritalo Karelia","provider_url":"https:\/\/kulturhusetkarelia.fi\/fi","title":"Mia Hafr\u00e9n trio - Kulturhuset Karelia","type":"rich","width":600,"height":338,"html":"<blockquote class=\"wp-embedded-content\" data-secret=\"HyZyWuS4R2\"><a href=\"https:\/\/kulturhusetkarelia.fi\/fi\/evenemang\/mia-hafren-trio\/\">Mia Hafr\u00e9n trio<\/a><\/blockquote><iframe sandbox=\"allow-scripts\" security=\"restricted\" src=\"https:\/\/kulturhusetkarelia.fi\/fi\/evenemang\/mia-hafren-trio\/embed\/#?secret=HyZyWuS4R2\" width=\"600\" height=\"338\" title=\"&#8221;Mia Hafr\u00e9n trio&#8221; &#8212; Kulturhuset Karelia\" data-secret=\"HyZyWuS4R2\" frameborder=\"0\" marginwidth=\"0\" marginheight=\"0\" scrolling=\"no\" class=\"wp-embedded-content\"><\/iframe><script>\n\/*! This file is auto-generated *\/\n!function(d,l){\"use strict\";l.querySelector&&d.addEventListener&&\"undefined\"!=typeof URL&&(d.wp=d.wp||{},d.wp.receiveEmbedMessage||(d.wp.receiveEmbedMessage=function(e){var t=e.data;if((t||t.secret||t.message||t.value)&&!\/[^a-zA-Z0-9]\/.test(t.secret)){for(var s,r,n,a=l.querySelectorAll('iframe[data-secret=\"'+t.secret+'\"]'),o=l.querySelectorAll('blockquote[data-secret=\"'+t.secret+'\"]'),c=new RegExp(\"^https?:$\",\"i\"),i=0;i<o.length;i++)o[i].style.display=\"none\";for(i=0;i<a.length;i++)s=a[i],e.source===s.contentWindow&&(s.removeAttribute(\"style\"),\"height\"===t.message?(1e3<(r=parseInt(t.value,10))?r=1e3:~~r<200&&(r=200),s.height=r):\"link\"===t.message&&(r=new URL(s.getAttribute(\"src\")),n=new URL(t.value),c.test(n.protocol))&&n.host===r.host&&l.activeElement===s&&(d.top.location.href=t.value))}},d.addEventListener(\"message\",d.wp.receiveEmbedMessage,!1),l.addEventListener(\"DOMContentLoaded\",function(){for(var e,t,s=l.querySelectorAll(\"iframe.wp-embedded-content\"),r=0;r<s.length;r++)(t=(e=s[r]).getAttribute(\"data-secret\"))||(t=Math.random().toString(36).substring(2,12),e.src+=\"#?secret=\"+t,e.setAttribute(\"data-secret\",t)),e.contentWindow.postMessage({message:\"ready\",secret:t},\"*\")},!1)))}(window,document);\n<\/script>","thumbnail_url":"https:\/\/kulturhusetkarelia.fi\/wp-content\/uploads\/2025\/02\/Mia-Hafren-bild-Jonas-Lundqvist-scaled.avif","thumbnail_width":2560,"thumbnail_height":1708,"description":"Artisten och sk\u00e5despelaren Mia Hafr\u00e9n kommer till Eken\u00e4s f\u00f6r att tillsammans med musikerna Marja Ahlsved och Margarita Eklund framf\u00f6ra l\u00e5tar fr\u00e5n Hafr\u00e9ns debutalbum Ocks\u00e5 f\u00f6r dig (2022) och efterf\u00f6ljaren For the Brave (2024). Konserten best\u00e5r av allt fr\u00e5n sv\u00e4ngiga protestl\u00e5tar till sk\u00f6ra k\u00e4rleksballader. Hafr\u00e9n, k\u00e4nd fr\u00e5n bla a capellagruppen Fork, har turnerat runt i Finland&hellip; Jatka lukemista Ei otsikkoa"}

Mia Hafrén trio - Kulturhuset Karelia

<blockquote class="wp-embedded-content" data-secret="HyZyWuS4R2"><a href="https://kulturhusetkarelia.fi/fi/evenemang/mia-hafren-trio/">Mia Hafrén trio</a></blockquote><iframe sandbox="allow-scripts" security="restricted" src="https://kulturhusetkarelia.fi/fi/evenemang/mia-hafren-trio/embed/#?secret=HyZyWuS4R2" width="600" height="338" title="&#8221;Mia Hafrén trio&#8221; &#8212; Kulturhuset Karelia" data-secret="HyZyWuS4R2" frameborder="0" marginwidth="0" marginheight="0" scrolling="no" class="wp-embedded-content"></iframe><script>
/*! This file is auto-generated */
!function(d,l){"use strict";l.querySelector&&d.addEventListener&&"undefined"!=typeof URL&&(d.wp=d.wp||{},d.wp.receiveEmbedMessage||(d.wp.receiveEmbedMessage=function(e){var t=e.data;if((t||t.secret||t.message||t.value)&&!/[^a-zA-Z0-9]/.test(t.secret)){for(var s,r,n,a=l.querySelectorAll('iframe[data-secret="'+t.secret+'"]'),o=l.querySelectorAll('blockquote[data-secret="'+t.secret+'"]'),c=new RegExp("^https?:$","i"),i=0;i<o.length;i++)o[i].style.display="none";for(i=0;i<a.length;i++)s=a[i],e.source===s.contentWindow&&(s.removeAttribute("style"),"height"===t.message?(1e3<(r=parseInt(t.value,10))?r=1e3:~~r<200&&(r=200),s.height=r):"link"===t.message&&(r=new URL(s.getAttribute("src")),n=new URL(t.value),c.test(n.protocol))&&n.host===r.host&&l.activeElement===s&&(d.top.location.href=t.value))}},d.addEventListener("message",d.wp.receiveEmbedMessage,!1),l.addEventListener("DOMContentLoaded",function(){for(var e,t,s=l.querySelectorAll("iframe.wp-embedded-content"),r=0;r<s.length;r++)(t=(e=s[r]).getAttribute("data-secret"))||(t=Math.random().toString(36).substring(2,12),e.src+="#?secret="+t,e.setAttribute("data-secret",t)),e.contentWindow.postMessage({message:"ready",secret:t},"*")},!1)))}(window,document);
</script>

Artisten och skådespelaren Mia Hafrén kommer till Ekenäs för att tillsammans med musikerna Marja Ahlsved och Margarita Eklund framföra låtar från Hafréns debutalbum Också för dig (2022) och efterföljaren For the Brave (2024). Konserten består av allt från svängiga protestlåtar till sköra kärleksballader. Hafrén, känd från bla a capellagruppen Fork, har turnerat runt i Finland&hellip; Jatka lukemista Ei otsikkoa
